Last updated on 2024-05-04 13:49:09 CEST.
Flavor | Version | Tinstall | Tcheck | Ttotal | Status | Flags |
---|---|---|---|---|---|---|
r-devel-linux-x86_64-debian-clang | 1.5.3 | 45.72 | 267.24 | 312.96 | OK | |
r-devel-linux-x86_64-debian-gcc | 1.5.3 | 35.32 | 189.14 | 224.46 | OK | |
r-devel-linux-x86_64-fedora-clang | 1.5.3 | 375.13 | NOTE | |||
r-devel-linux-x86_64-fedora-gcc | 1.5.3 | 382.33 | OK | |||
r-devel-windows-x86_64 | 1.5.3 | 36.00 | 200.00 | 236.00 | OK | |
r-patched-linux-x86_64 | 1.5.3 | 41.66 | 241.25 | 282.91 | OK | |
r-release-linux-x86_64 | 1.5.3 | 37.54 | 242.08 | 279.62 | OK | |
r-release-macos-arm64 | 1.5.3 | 63.00 | OK | |||
r-release-macos-x86_64 | 1.5.3 | 111.00 | OK | |||
r-release-windows-x86_64 | 1.5.3 | 36.00 | 208.00 | 244.00 | OK | |
r-oldrel-macos-arm64 | 1.5.3 | 71.00 | OK | |||
r-oldrel-macos-x86_64 | 1.5.3 | 107.00 | OK | |||
r-oldrel-windows-x86_64 | 1.5.3 | 41.00 | 262.00 | 303.00 | OK |
Version: 1.5.3
Check: package dependencies
Result: NOTE
Imports includes 32 non-default packages.
Importing from so many packages makes the package vulnerable to any of
them becoming unavailable. Move as many as possible to Suggests and
use conditionally.
Flavor: r-devel-linux-x86_64-fedora-clang