Last updated on 2024-05-04 09:49:38 CEST.
Flavor | Version | Tinstall | Tcheck | Ttotal | Status | Flags |
---|---|---|---|---|---|---|
r-devel-linux-x86_64-debian-clang | 0.2.6 | 6.30 | 87.81 | 94.11 | OK | |
r-devel-linux-x86_64-debian-gcc | 0.2.6 | 5.51 | 65.18 | 70.69 | OK | |
r-devel-linux-x86_64-fedora-clang | 0.2.6 | 118.35 | NOTE | |||
r-devel-linux-x86_64-fedora-gcc | 0.2.6 | 124.87 | OK | |||
r-devel-windows-x86_64 | 0.2.6 | 6.00 | 86.00 | 92.00 | OK | |
r-patched-linux-x86_64 | 0.2.6 | 4.34 | 82.05 | 86.39 | OK | |
r-release-linux-x86_64 | 0.2.6 | 3.85 | 83.28 | 87.13 | OK | |
r-release-macos-arm64 | 0.2.6 | 44.00 | OK | |||
r-release-windows-x86_64 | 0.2.6 | 7.00 | 85.00 | 92.00 | OK | |
r-oldrel-macos-arm64 | 0.2.6 | 44.00 | OK | |||
r-oldrel-macos-x86_64 | 0.2.6 | 82.00 | OK | |||
r-oldrel-windows-x86_64 | 0.2.6 | 9.00 | 99.00 | 108.00 | OK |
Version: 0.2.6
Check: Rd cross-references
Result: NOTE
Undeclared package ‘ggplot2’ in Rd xrefs
Flavor: r-devel-linux-x86_64-fedora-clang