Last updated on 2024-05-04 17:52:52 CEST.
Flavor | Version | Tinstall | Tcheck | Ttotal | Status | Flags |
---|---|---|---|---|---|---|
r-devel-linux-x86_64-debian-clang | 1.0.1 | 0.53 | 2.17 | 2.70 | ERROR | |
r-devel-linux-x86_64-debian-gcc | 1.0.1 | 32.86 | 296.10 | 328.96 | OK | |
r-devel-linux-x86_64-fedora-clang | 1.0.1 | 609.50 | OK | |||
r-devel-linux-x86_64-fedora-gcc | 1.0.1 | 531.98 | OK | |||
r-devel-windows-x86_64 | 1.0.1 | 37.00 | 285.00 | 322.00 | OK | |
r-patched-linux-x86_64 | 1.0.1 | 34.74 | 390.70 | 425.44 | OK | |
r-release-linux-x86_64 | 1.0.1 | 25.54 | 381.67 | 407.21 | OK | |
r-release-macos-arm64 | 1.0.1 | 146.00 | OK | |||
r-release-macos-x86_64 | 1.0.1 | 318.00 | OK | |||
r-release-windows-x86_64 | 1.0.1 | 33.00 | 282.00 | 315.00 | OK | |
r-oldrel-macos-arm64 | 1.0.1 | 10.00 | ERROR | |||
r-oldrel-macos-x86_64 | 1.0.1 | 7.00 | ERROR | |||
r-oldrel-windows-x86_64 | 1.0.1 | 49.00 | 388.00 | 437.00 | OK |
Version: 1.0.1
Check: package dependencies
Result: ERROR
Packages required but not available:
'SingleCellExperiment', 'GenomicRanges', 'SummarizedExperiment'
Package suggested but not available for checking: ‘Rsamtools’
See section ‘The DESCRIPTION file’ in the ‘Writing R Extensions’
manual.
Flavor: r-devel-linux-x86_64-debian-clang
Version: 1.0.1
Check: package dependencies
Result: ERROR
Package required but not available: ‘rhdf5’
See section ‘The DESCRIPTION file’ in the ‘Writing R Extensions’
manual.
Flavors: r-oldrel-macos-arm64, r-oldrel-macos-x86_64