Last updated on 2024-05-04 09:49:39 CEST.
Flavor | Version | Tinstall | Tcheck | Ttotal | Status | Flags |
---|---|---|---|---|---|---|
r-devel-linux-x86_64-debian-clang | 1.1.0 | 41.10 | 43.74 | 84.84 | NOTE | |
r-devel-linux-x86_64-debian-gcc | 1.1.0 | 34.87 | 34.46 | 69.33 | NOTE | |
r-devel-linux-x86_64-fedora-clang | 1.1.0 | 126.80 | NOTE | |||
r-devel-linux-x86_64-fedora-gcc | 1.1.0 | 137.01 | NOTE | |||
r-devel-windows-x86_64 | 1.1.0 | 38.00 | 83.00 | 121.00 | NOTE | |
r-patched-linux-x86_64 | 1.1.0 | 43.02 | 42.79 | 85.81 | NOTE | |
r-release-linux-x86_64 | 1.1.0 | 40.32 | 43.80 | 84.12 | NOTE | |
r-release-macos-arm64 | 1.1.0 | 36.00 | NOTE | |||
r-release-windows-x86_64 | 1.1.0 | 42.00 | 81.00 | 123.00 | NOTE | |
r-oldrel-macos-arm64 | 1.1.0 | 43.00 | NOTE | |||
r-oldrel-macos-x86_64 | 1.1.0 | 65.00 | NOTE | |||
r-oldrel-windows-x86_64 | 1.1.0 | 36.00 | 87.00 | 123.00 | NOTE |
Version: 1.1.0
Check: C++ specification
Result: NOTE
Specified C++11: please drop specification unless essential
Flavors: r-devel-linux-x86_64-debian-clang, r-devel-linux-x86_64-debian-gcc, r-devel-linux-x86_64-fedora-clang, r-devel-linux-x86_64-fedora-gcc, r-devel-windows-x86_64, r-patched-linux-x86_64, r-release-linux-x86_64, r-release-macos-arm64, r-release-windows-x86_64, r-oldrel-macos-arm64, r-oldrel-macos-x86_64, r-oldrel-windows-x86_64