Last updated on 2024-05-04 09:49:39 CEST.
Flavor | Version | Tinstall | Tcheck | Ttotal | Status | Flags |
---|---|---|---|---|---|---|
r-devel-linux-x86_64-debian-clang | 0.3.5 | 31.40 | 321.64 | 353.04 | NOTE | |
r-devel-linux-x86_64-debian-gcc | 0.3.5 | 24.72 | 224.88 | 249.60 | NOTE | |
r-devel-linux-x86_64-fedora-clang | 0.3.5 | 425.72 | NOTE | |||
r-devel-linux-x86_64-fedora-gcc | 0.3.5 | 403.22 | NOTE | |||
r-devel-windows-x86_64 | 0.3.5 | 23.00 | 187.00 | 210.00 | NOTE | |
r-patched-linux-x86_64 | 0.3.5 | 28.42 | 305.91 | 334.33 | NOTE | |
r-release-linux-x86_64 | 0.3.5 | 24.52 | 302.77 | 327.29 | NOTE | |
r-release-macos-arm64 | 0.3.5 | 88.00 | NOTE | |||
r-release-windows-x86_64 | 0.3.5 | 24.00 | 190.00 | 214.00 | NOTE | |
r-oldrel-macos-arm64 | 0.3.5 | 109.00 | NOTE | |||
r-oldrel-macos-x86_64 | 0.3.5 | 193.00 | NOTE | |||
r-oldrel-windows-x86_64 | 0.3.5 | 33.00 | 265.00 | 298.00 | NOTE |
Version: 0.3.5
Check: package subdirectories
Result: NOTE
Problems with news in ‘NEWS.md’:
Cannot extract version info from the following section titles:
light.interception.voxels() - This function create the Fraction absorbed incident light
light.interception.raster() - Create a raster of Fraction absorbed incident light
light.incident.voxels() - This function create the Fraction incident light
light.incident.raster() - Create a raster of the Fraction incident light
Flavors: r-devel-linux-x86_64-debian-clang, r-devel-linux-x86_64-debian-gcc, r-devel-linux-x86_64-fedora-clang, r-devel-linux-x86_64-fedora-gcc, r-devel-windows-x86_64, r-patched-linux-x86_64, r-release-linux-x86_64, r-release-macos-arm64, r-release-windows-x86_64, r-oldrel-macos-arm64, r-oldrel-macos-x86_64, r-oldrel-windows-x86_64