Last updated on 2024-05-04 09:49:39 CEST.
Flavor | Version | Tinstall | Tcheck | Ttotal | Status | Flags |
---|---|---|---|---|---|---|
r-devel-linux-x86_64-debian-clang | 1.3 | 0.45 | 1.96 | 2.41 | ERROR | |
r-devel-linux-x86_64-debian-gcc | 1.3 | 26.15 | 191.90 | 218.05 | NOTE | |
r-devel-linux-x86_64-fedora-clang | 1.3 | 396.13 | NOTE | |||
r-devel-linux-x86_64-fedora-gcc | 1.3 | 344.18 | NOTE | |||
r-devel-windows-x86_64 | 1.3 | 24.00 | 185.00 | 209.00 | NOTE | |
r-patched-linux-x86_64 | 1.3 | 21.07 | 245.62 | 266.69 | NOTE | |
r-release-linux-x86_64 | 1.3 | 20.14 | 251.99 | 272.13 | NOTE | |
r-release-macos-arm64 | 1.3 | 90.00 | NOTE | |||
r-release-macos-x86_64 | 1.3 | 267.00 | OK | |||
r-release-windows-x86_64 | 1.3 | 25.00 | 182.00 | 207.00 | NOTE | |
r-oldrel-macos-arm64 | 1.3 | 105.00 | OK | |||
r-oldrel-macos-x86_64 | 1.3 | 100.00 | OK | |||
r-oldrel-windows-x86_64 | 1.3 | 23.00 | 235.00 | 258.00 | OK |
Version: 1.3
Check: package dependencies
Result: ERROR
Package required but not available: ‘sva’
See section ‘The DESCRIPTION file’ in the ‘Writing R Extensions’
manual.
Flavor: r-devel-linux-x86_64-debian-clang
Version: 1.3
Check: Rd files
Result: NOTE
checkRd: (-1) IPODFUN.Rd:18: Lost braces; missing escapes or markup?
18 | \item{H}{an N by N projection matrix X(X'X)^{-1}X' }
| ^
Flavors: r-devel-linux-x86_64-debian-gcc, r-devel-linux-x86_64-fedora-clang, r-devel-linux-x86_64-fedora-gcc, r-devel-windows-x86_64, r-patched-linux-x86_64, r-release-linux-x86_64, r-release-macos-arm64, r-release-windows-x86_64