Last updated on 2024-05-04 13:49:10 CEST.
Flavor | Version | Tinstall | Tcheck | Ttotal | Status | Flags |
---|---|---|---|---|---|---|
r-devel-linux-x86_64-debian-clang | 2.2.0 | 87.68 | 150.49 | 238.17 | NOTE | |
r-devel-linux-x86_64-debian-gcc | 2.2.0 | 65.31 | 107.56 | 172.87 | NOTE | |
r-devel-linux-x86_64-fedora-clang | 2.2.0 | 321.48 | NOTE | |||
r-devel-linux-x86_64-fedora-gcc | 2.2.0 | 310.19 | NOTE | |||
r-devel-windows-x86_64 | 2.2.0 | 70.00 | 157.00 | 227.00 | NOTE | |
r-patched-linux-x86_64 | 2.2.0 | 90.94 | 140.54 | 231.48 | NOTE | |
r-release-linux-x86_64 | 2.2.0 | 80.31 | 142.31 | 222.62 | NOTE | |
r-release-macos-arm64 | 2.2.0 | 79.00 | NOTE | |||
r-release-windows-x86_64 | 2.2.0 | 64.00 | 160.00 | 224.00 | NOTE | |
r-oldrel-macos-arm64 | 2.2.0 | 88.00 | NOTE | |||
r-oldrel-macos-x86_64 | 2.2.0 | 135.00 | NOTE | |||
r-oldrel-windows-x86_64 | 2.2.0 | 81.00 | 186.00 | 267.00 | NOTE |
Version: 2.2.0
Check: C++ specification
Result: NOTE
Specified C++11: please drop specification unless essential
Flavors: r-devel-linux-x86_64-debian-clang, r-devel-linux-x86_64-debian-gcc, r-devel-linux-x86_64-fedora-clang, r-devel-linux-x86_64-fedora-gcc, r-devel-windows-x86_64, r-patched-linux-x86_64, r-release-linux-x86_64, r-release-macos-arm64, r-release-windows-x86_64, r-oldrel-macos-arm64, r-oldrel-macos-x86_64, r-oldrel-windows-x86_64
Version: 2.2.0
Check: package dependencies
Result: NOTE
Package suggested but not available for checking: 'doMC'
Flavors: r-devel-windows-x86_64, r-release-windows-x86_64, r-oldrel-windows-x86_64