Last updated on 2024-05-04 09:49:39 CEST.
Flavor | Version | Tinstall | Tcheck | Ttotal | Status | Flags |
---|---|---|---|---|---|---|
r-devel-linux-x86_64-debian-clang | 0.1.0 | 0.69 | 2.40 | 3.09 | ERROR | |
r-devel-linux-x86_64-debian-gcc | 0.1.0 | 3.40 | 150.80 | 154.20 | OK | |
r-devel-linux-x86_64-fedora-clang | 0.1.0 | 279.51 | OK | |||
r-devel-linux-x86_64-fedora-gcc | 0.1.0 | 252.17 | OK | |||
r-devel-windows-x86_64 | 0.1.0 | 6.00 | 153.00 | 159.00 | OK | |
r-patched-linux-x86_64 | 0.1.0 | 5.07 | 195.18 | 200.25 | OK | |
r-release-linux-x86_64 | 0.1.0 | 2.66 | 187.25 | 189.91 | OK | |
r-release-macos-arm64 | 0.1.0 | 67.00 | OK | |||
r-release-macos-x86_64 | 0.1.0 | 136.00 | OK | |||
r-release-windows-x86_64 | 0.1.0 | 6.00 | 152.00 | 158.00 | OK | |
r-oldrel-macos-arm64 | 0.1.0 | 78.00 | OK | |||
r-oldrel-macos-x86_64 | 0.1.0 | 126.00 | OK | |||
r-oldrel-windows-x86_64 | 0.1.0 | 7.00 | 194.00 | 201.00 | OK |
Version: 0.1.0
Check: package dependencies
Result: ERROR
Package required but not available: ‘DESeq2’
See section ‘The DESCRIPTION file’ in the ‘Writing R Extensions’
manual.
Flavor: r-devel-linux-x86_64-debian-clang