Last updated on 2024-05-04 13:49:10 CEST.
Flavor | Version | Tinstall | Tcheck | Ttotal | Status | Flags |
---|---|---|---|---|---|---|
r-devel-linux-x86_64-debian-clang | 0.6.6 | 3.40 | 31.43 | 34.83 | NOTE | |
r-devel-linux-x86_64-debian-gcc | 0.6.6 | 2.86 | 23.79 | 26.65 | NOTE | |
r-devel-linux-x86_64-fedora-clang | 0.6.6 | 48.66 | NOTE | |||
r-devel-linux-x86_64-fedora-gcc | 0.6.6 | 40.37 | NOTE | |||
r-devel-windows-x86_64 | 0.6.6 | 5.00 | 45.00 | 50.00 | NOTE | |
r-patched-linux-x86_64 | 0.6.6 | 6.11 | 29.87 | 35.98 | NOTE | |
r-release-linux-x86_64 | 0.6.6 | 2.95 | 29.99 | 32.94 | NOTE | |
r-release-macos-arm64 | 0.6.6 | 18.00 | NOTE | |||
r-release-windows-x86_64 | 0.6.6 | 4.00 | 45.00 | 49.00 | NOTE | |
r-oldrel-macos-arm64 | 0.6.6 | 20.00 | OK | |||
r-oldrel-macos-x86_64 | 0.6.6 | 30.00 | OK | |||
r-oldrel-windows-x86_64 | 0.6.6 | 5.00 | 46.00 | 51.00 | OK |
Version: 0.6.6
Check: Rd files
Result: NOTE
checkRd: (-1) lmomPi-Package.Rd:9: Lost braces
9 | {\code{\link{cdf}}}{: generic distribution function; }
| ^
checkRd: (-1) lmomPi-Package.Rd:10: Lost braces
10 | {\code{\link{qua}}}{: generic quantile function; }
| ^
checkRd: (-1) lmomPi-Package.Rd:11: Lost braces
11 | {\code{\link{pel}}}{: fitting of probability distribution function through L-moments. }
| ^
checkRd: (-1) lmomPi-Package.Rd:27: Lost braces; missing escapes or markup?
27 | The function \code{\link{spi.cdf}()} is compared against \code{SPEI::spi()} in SPEI package (\url{https://cran.r-project.org/package=SPEI}). The differences in SPI extimation have order of magnitude averagely about 10^{-8}, due to the different fitting methods implemented in the two packages.
| ^
Flavors: r-devel-linux-x86_64-debian-clang, r-devel-linux-x86_64-debian-gcc, r-devel-linux-x86_64-fedora-clang, r-devel-linux-x86_64-fedora-gcc, r-devel-windows-x86_64, r-patched-linux-x86_64, r-release-linux-x86_64, r-release-macos-arm64, r-release-windows-x86_64