Last updated on 2024-05-04 13:49:11 CEST.
Flavor | Version | Tinstall | Tcheck | Ttotal | Status | Flags |
---|---|---|---|---|---|---|
r-devel-linux-x86_64-debian-clang | 1.7.7 | 7.47 | 67.24 | 74.71 | NOTE | |
r-devel-linux-x86_64-debian-gcc | 1.7.7 | 5.88 | 50.26 | 56.14 | NOTE | |
r-devel-linux-x86_64-fedora-clang | 1.7.7 | 94.13 | NOTE | |||
r-devel-linux-x86_64-fedora-gcc | 1.7.7 | 91.58 | NOTE | |||
r-devel-windows-x86_64 | 1.7.7 | 11.00 | 80.00 | 91.00 | NOTE | |
r-patched-linux-x86_64 | 1.7.7 | 11.06 | 65.44 | 76.50 | NOTE | |
r-release-linux-x86_64 | 1.7.7 | 8.87 | 66.10 | 74.97 | NOTE | |
r-release-macos-arm64 | 1.7.7 | 34.00 | NOTE | |||
r-release-windows-x86_64 | 1.7.7 | 11.00 | 77.00 | 88.00 | NOTE | |
r-oldrel-macos-arm64 | 1.7.7 | 43.00 | OK | |||
r-oldrel-macos-x86_64 | 1.7.7 | 57.00 | OK | |||
r-oldrel-windows-x86_64 | 1.7.7 | 12.00 | 88.00 | 100.00 | OK |
Version: 1.7.7
Check: Rd files
Result: NOTE
checkRd: (-1) Rvarlacf.Rd:104: Lost braces
104 | eqn{(2s+1)^{-2}} (this was the default in versions prior to
| ^
checkRd: (-1) Rvarlacf.Rd:104: Lost braces; missing escapes or markup?
104 | eqn{(2s+1)^{-2}} (this was the default in versions prior to
| ^
Flavors: r-devel-linux-x86_64-debian-clang, r-devel-linux-x86_64-debian-gcc, r-devel-linux-x86_64-fedora-clang, r-devel-linux-x86_64-fedora-gcc, r-devel-windows-x86_64, r-patched-linux-x86_64, r-release-linux-x86_64, r-release-macos-arm64, r-release-windows-x86_64