Last updated on 2024-05-04 09:49:40 CEST.
Flavor | Version | Tinstall | Tcheck | Ttotal | Status | Flags |
---|---|---|---|---|---|---|
r-devel-linux-x86_64-debian-clang | 0.1.0 | 11.97 | 108.47 | 120.44 | OK | |
r-devel-linux-x86_64-debian-gcc | 0.1.0 | 9.62 | 79.34 | 88.96 | OK | |
r-devel-linux-x86_64-fedora-clang | 0.1.0 | 147.29 | NOTE | |||
r-devel-linux-x86_64-fedora-gcc | 0.1.0 | 140.03 | NOTE | |||
r-devel-windows-x86_64 | 0.1.0 | 11.00 | 94.00 | 105.00 | OK | |
r-patched-linux-x86_64 | 0.1.0 | 7.04 | 103.19 | 110.23 | OK | |
r-release-linux-x86_64 | 0.1.0 | 8.91 | 104.18 | 113.09 | OK | |
r-release-macos-arm64 | 0.1.0 | 41.00 | OK | |||
r-release-windows-x86_64 | 0.1.0 | 11.00 | 94.00 | 105.00 | OK | |
r-oldrel-macos-arm64 | 0.1.0 | 48.00 | OK | |||
r-oldrel-macos-x86_64 | 0.1.0 | 63.00 | OK | |||
r-oldrel-windows-x86_64 | 0.1.0 | 16.00 | 112.00 | 128.00 | OK |
Version: 0.1.0
Check: dependencies in R code
Result: NOTE
Namespace in Imports field not imported from: ‘utils’
All declared Imports should be used.
Flavors: r-devel-linux-x86_64-fedora-clang, r-devel-linux-x86_64-fedora-gcc