Last updated on 2024-05-04 09:49:40 CEST.
Flavor | Version | Tinstall | Tcheck | Ttotal | Status | Flags |
---|---|---|---|---|---|---|
r-devel-linux-x86_64-debian-clang | 1.1.0 | 3.90 | 48.23 | 52.13 | OK | |
r-devel-linux-x86_64-debian-gcc | 1.1.0 | 2.75 | 37.78 | 40.53 | OK | |
r-devel-linux-x86_64-fedora-clang | 1.1.0 | 66.12 | NOTE | |||
r-devel-linux-x86_64-fedora-gcc | 1.1.0 | 74.83 | NOTE | |||
r-devel-windows-x86_64 | 1.1.0 | 5.00 | 59.00 | 64.00 | OK | |
r-patched-linux-x86_64 | 1.1.0 | 2.60 | 45.54 | 48.14 | OK | |
r-release-linux-x86_64 | 1.1.0 | 1.93 | 45.77 | 47.70 | OK | |
r-release-macos-arm64 | 1.1.0 | 32.00 | OK | |||
r-release-windows-x86_64 | 1.1.0 | 5.00 | 58.00 | 63.00 | OK | |
r-oldrel-macos-arm64 | 1.1.0 | 32.00 | OK | |||
r-oldrel-macos-x86_64 | 1.1.0 | 38.00 | OK | |||
r-oldrel-windows-x86_64 | 1.1.0 | 5.00 | 61.00 | 66.00 | OK |
Version: 1.1.0
Check: data for non-ASCII characters
Result: NOTE
Note: found 1 marked UTF-8 string
Flavors: r-devel-linux-x86_64-fedora-clang, r-devel-linux-x86_64-fedora-gcc