Last updated on 2024-05-04 09:49:42 CEST.
Flavor | Version | Tinstall | Tcheck | Ttotal | Status | Flags |
---|---|---|---|---|---|---|
r-devel-linux-x86_64-debian-clang | 1.0.7 | 1.78 | 49.04 | 50.82 | NOTE | |
r-devel-linux-x86_64-debian-gcc | 1.0.7 | 2.08 | 50.05 | 52.13 | OK | |
r-devel-linux-x86_64-fedora-clang | 1.0.7 | 90.75 | OK | |||
r-devel-linux-x86_64-fedora-gcc | 1.0.7 | 80.79 | OK | |||
r-devel-windows-x86_64 | 1.0.7 | 3.00 | 68.00 | 71.00 | OK | |
r-patched-linux-x86_64 | 1.0.7 | 2.69 | 57.15 | 59.84 | OK | |
r-release-linux-x86_64 | 1.0.7 | 2.26 | 61.37 | 63.63 | OK | |
r-release-macos-arm64 | 1.0.7 | 27.00 | OK | |||
r-release-windows-x86_64 | 1.0.7 | 3.00 | 68.00 | 71.00 | OK | |
r-oldrel-macos-arm64 | 1.0.7 | 30.00 | OK | |||
r-oldrel-macos-x86_64 | 1.0.7 | 34.00 | NOTE | |||
r-oldrel-windows-x86_64 | 1.0.7 | 4.00 | 78.00 | 82.00 | OK |
Version: 1.0.7
Check: package dependencies
Result: NOTE
Package suggested but not available for checking: ‘ICAMS’
Flavors: r-devel-linux-x86_64-debian-clang, r-oldrel-macos-x86_64