Last updated on 2024-05-04 13:49:11 CEST.
Flavor | Version | Tinstall | Tcheck | Ttotal | Status | Flags |
---|---|---|---|---|---|---|
r-devel-linux-x86_64-debian-clang | 1.1.0 | 26.46 | 222.48 | 248.94 | OK | |
r-devel-linux-x86_64-debian-gcc | 1.1.0 | 15.29 | 160.98 | 176.27 | OK | |
r-devel-linux-x86_64-fedora-clang | 1.1.0 | 299.35 | NOTE | |||
r-devel-linux-x86_64-fedora-gcc | 1.1.0 | 293.52 | NOTE | |||
r-devel-windows-x86_64 | 1.1.0 | 18.00 | 181.00 | 199.00 | OK | |
r-patched-linux-x86_64 | 1.1.0 | 14.96 | 211.79 | 226.75 | OK | |
r-release-linux-x86_64 | 1.1.0 | 14.51 | 205.93 | 220.44 | OK | |
r-release-macos-arm64 | 1.1.0 | 84.00 | OK | |||
r-release-macos-x86_64 | 1.1.0 | 241.00 | OK | |||
r-release-windows-x86_64 | 1.1.0 | 20.00 | 181.00 | 201.00 | OK | |
r-oldrel-macos-arm64 | 1.1.0 | 90.00 | OK | |||
r-oldrel-macos-x86_64 | 1.1.0 | 224.00 | OK | |||
r-oldrel-windows-x86_64 | 1.1.0 | 25.00 | 230.00 | 255.00 | OK |
Version: 1.1.0
Check: data for non-ASCII characters
Result: NOTE
Note: found 16 marked UTF-8 strings
Flavors: r-devel-linux-x86_64-fedora-clang, r-devel-linux-x86_64-fedora-gcc