Last updated on 2024-05-04 13:49:11 CEST.
Flavor | Version | Tinstall | Tcheck | Ttotal | Status | Flags |
---|---|---|---|---|---|---|
r-devel-linux-x86_64-debian-clang | 1.0.3 | 3.66 | 75.26 | 78.92 | NOTE | |
r-devel-linux-x86_64-debian-gcc | 1.0.3 | 2.65 | 67.61 | 70.26 | OK | |
r-devel-linux-x86_64-fedora-clang | 1.0.3 | 123.66 | OK | |||
r-devel-linux-x86_64-fedora-gcc | 1.0.3 | 123.87 | OK | |||
r-devel-windows-x86_64 | 1.0.3 | 3.00 | 87.00 | 90.00 | OK | |
r-patched-linux-x86_64 | 1.0.3 | 2.71 | 86.99 | 89.70 | OK | |
r-release-linux-x86_64 | 1.0.3 | 2.80 | 85.72 | 88.52 | OK | |
r-release-macos-arm64 | 1.0.3 | 37.00 | NOTE | |||
r-release-macos-x86_64 | 1.0.3 | 89.00 | OK | |||
r-release-windows-x86_64 | 1.0.3 | 5.00 | 88.00 | 93.00 | OK | |
r-oldrel-macos-arm64 | 1.0.3 | 58.00 | NOTE | |||
r-oldrel-macos-x86_64 | 1.0.3 | 94.00 | NOTE | |||
r-oldrel-windows-x86_64 | 1.0.3 | 4.00 | 100.00 | 104.00 | OK |
Version: 1.0.3
Check: package dependencies
Result: NOTE
Package suggested but not available for checking: ‘dittoSeq’
Flavors: r-devel-linux-x86_64-debian-clang, r-release-macos-arm64, r-oldrel-macos-arm64, r-oldrel-macos-x86_64