Last updated on 2024-05-04 09:49:40 CEST.
Flavor | Version | Tinstall | Tcheck | Ttotal | Status | Flags |
---|---|---|---|---|---|---|
r-devel-linux-x86_64-debian-clang | 1.3.0 | 5.55 | 78.53 | 84.08 | OK | |
r-devel-linux-x86_64-debian-gcc | 1.3.0 | 3.93 | 60.10 | 64.03 | OK | |
r-devel-linux-x86_64-fedora-clang | 1.3.0 | 105.19 | NOTE | |||
r-devel-linux-x86_64-fedora-gcc | 1.3.0 | 115.39 | OK | |||
r-devel-windows-x86_64 | 1.3.0 | 6.00 | 74.00 | 80.00 | OK | |
r-patched-linux-x86_64 | 1.3.0 | 3.25 | 77.05 | 80.30 | OK | |
r-release-linux-x86_64 | 1.3.0 | 4.61 | 76.61 | 81.22 | OK | |
r-release-macos-arm64 | 1.3.0 | 40.00 | OK | |||
r-release-windows-x86_64 | 1.3.0 | 6.00 | 76.00 | 82.00 | OK | |
r-oldrel-macos-arm64 | 1.3.0 | 41.00 | OK | |||
r-oldrel-macos-x86_64 | 1.3.0 | 55.00 | OK | |||
r-oldrel-windows-x86_64 | 1.3.0 | 6.00 | 81.00 | 87.00 | OK |
Version: 1.3.0
Check: Rd cross-references
Result: NOTE
Undeclared package ‘tibble’ in Rd xrefs
Flavor: r-devel-linux-x86_64-fedora-clang