Last updated on 2024-05-04 09:49:40 CEST.
Flavor | Version | Tinstall | Tcheck | Ttotal | Status | Flags |
---|---|---|---|---|---|---|
r-devel-linux-x86_64-debian-clang | 2.0 | 18.57 | 370.88 | 389.45 | OK | |
r-devel-linux-x86_64-debian-gcc | 2.0 | 17.48 | 257.09 | 274.57 | OK | |
r-devel-linux-x86_64-fedora-clang | 2.0 | 476.62 | NOTE | |||
r-devel-linux-x86_64-fedora-gcc | 2.0 | 480.10 | OK | |||
r-devel-windows-x86_64 | 2.0 | 17.00 | 265.00 | 282.00 | NOTE | |
r-patched-linux-x86_64 | 2.0 | 12.39 | 342.08 | 354.47 | OK | |
r-release-linux-x86_64 | 2.0 | 13.07 | 339.16 | 352.23 | OK | |
r-release-macos-arm64 | 2.0 | 110.00 | NOTE | |||
r-release-windows-x86_64 | 2.0 | 17.00 | 270.00 | 287.00 | NOTE | |
r-oldrel-macos-arm64 | 2.0 | 144.00 | NOTE | |||
r-oldrel-macos-x86_64 | 2.0 | 264.00 | NOTE | |||
r-oldrel-windows-x86_64 | 2.0 | 23.00 | 319.00 | 342.00 | NOTE |
Version: 2.0
Check: installed package size
Result: NOTE
installed size is 7.4Mb
sub-directories of 1Mb or more:
doc 6.9Mb
Flavors: r-devel-linux-x86_64-fedora-clang, r-devel-windows-x86_64, r-release-macos-arm64, r-release-windows-x86_64, r-oldrel-macos-arm64, r-oldrel-macos-x86_64, r-oldrel-windows-x86_64