Last updated on 2024-05-02 21:52:48 CEST.
Flavor | Version | Tinstall | Tcheck | Ttotal | Status | Flags |
---|---|---|---|---|---|---|
r-devel-linux-x86_64-debian-clang | 2.3.1 | 17.29 | 25.16 | 42.45 | OK | |
r-devel-linux-x86_64-debian-gcc | 2.3.1 | 11.87 | 19.11 | 30.98 | OK | |
r-devel-linux-x86_64-fedora-clang | 2.3.1 | 52.02 | NOTE | |||
r-devel-linux-x86_64-fedora-gcc | 2.3.1 | 50.94 | OK | |||
r-devel-windows-x86_64 | 2.3.1 | 20.00 | 48.00 | 68.00 | NOTE | |
r-patched-linux-x86_64 | 2.3.1 | 16.64 | 24.34 | 40.98 | OK | |
r-release-linux-x86_64 | 2.3.1 | 16.43 | 24.38 | 40.81 | OK | |
r-release-macos-arm64 | 2.3.1 | 26.00 | NOTE | |||
r-release-windows-x86_64 | 2.3.1 | 21.00 | 41.00 | 62.00 | NOTE | |
r-oldrel-macos-arm64 | 2.3.1 | 28.00 | NOTE | |||
r-oldrel-macos-x86_64 | 2.3.1 | 46.00 | NOTE | |||
r-oldrel-windows-x86_64 | 2.3.1 | 22.00 | 41.00 | 63.00 | NOTE |
Version: 2.3.1
Check: installed package size
Result: NOTE
installed size is 33.6Mb
sub-directories of 1Mb or more:
mapdata 33.4Mb
Flavors: r-devel-linux-x86_64-fedora-clang, r-devel-windows-x86_64, r-release-macos-arm64, r-release-windows-x86_64, r-oldrel-macos-arm64, r-oldrel-macos-x86_64, r-oldrel-windows-x86_64