Last updated on 2024-05-04 09:49:40 CEST.
Flavor | Version | Tinstall | Tcheck | Ttotal | Status | Flags |
---|---|---|---|---|---|---|
r-devel-linux-x86_64-debian-clang | 0.4.0 | 42.01 | 32.57 | 74.58 | NOTE | |
r-devel-linux-x86_64-debian-gcc | 0.4.0 | 33.33 | 25.21 | 58.54 | NOTE | |
r-devel-linux-x86_64-fedora-clang | 0.4.0 | 101.03 | NOTE | |||
r-devel-linux-x86_64-fedora-gcc | 0.4.0 | 108.31 | NOTE | |||
r-devel-windows-x86_64 | 0.4.0 | 32.00 | 74.00 | 106.00 | NOTE | |
r-patched-linux-x86_64 | 0.4.0 | 40.08 | 31.91 | 71.99 | NOTE | |
r-release-linux-x86_64 | 0.4.0 | 41.14 | 32.47 | 73.61 | NOTE | |
r-release-macos-arm64 | 0.4.0 | 30.00 | NOTE | |||
r-release-macos-x86_64 | 0.4.0 | 74.00 | NOTE | |||
r-release-windows-x86_64 | 0.4.0 | 31.00 | 68.00 | 99.00 | NOTE | |
r-oldrel-macos-arm64 | 0.4.0 | 36.00 | NOTE | |||
r-oldrel-macos-x86_64 | 0.4.0 | 75.00 | NOTE | |||
r-oldrel-windows-x86_64 | 0.4.0 | 30.00 | 75.00 | 105.00 | NOTE |
Version: 0.4.0
Check: for GNU extensions in Makefiles
Result: NOTE
GNU make is a SystemRequirements.
Flavors: r-devel-linux-x86_64-debian-clang, r-devel-linux-x86_64-debian-gcc, r-devel-linux-x86_64-fedora-clang, r-devel-linux-x86_64-fedora-gcc, r-devel-windows-x86_64, r-patched-linux-x86_64, r-release-linux-x86_64, r-release-macos-arm64, r-release-macos-x86_64, r-release-windows-x86_64, r-oldrel-macos-arm64, r-oldrel-macos-x86_64, r-oldrel-windows-x86_64
Version: 0.4.0
Check: installed package size
Result: NOTE
installed size is 6.1Mb
sub-directories of 1Mb or more:
libs 6.0Mb
Flavors: r-release-macos-arm64, r-release-macos-x86_64, r-oldrel-macos-arm64, r-oldrel-macos-x86_64