Last updated on 2024-05-04 09:49:40 CEST.
Flavor | Version | Tinstall | Tcheck | Ttotal | Status | Flags |
---|---|---|---|---|---|---|
r-devel-linux-x86_64-debian-clang | 0.7 | 11.36 | 178.42 | 189.78 | OK | |
r-devel-linux-x86_64-debian-gcc | 0.7 | 8.01 | 134.78 | 142.79 | OK | |
r-devel-linux-x86_64-fedora-clang | 0.7 | 233.90 | NOTE | |||
r-devel-linux-x86_64-fedora-gcc | 0.7 | 237.80 | OK | |||
r-devel-windows-x86_64 | 0.7 | 10.00 | 132.00 | 142.00 | NOTE | |
r-patched-linux-x86_64 | 0.7 | 9.01 | 172.69 | 181.70 | OK | |
r-release-linux-x86_64 | 0.7 | 5.03 | 169.63 | 174.66 | OK | |
r-release-macos-arm64 | 0.7 | 65.00 | NOTE | |||
r-release-macos-x86_64 | 0.7 | 149.00 | NOTE | |||
r-release-windows-x86_64 | 0.7 | 9.00 | 132.00 | 141.00 | NOTE | |
r-oldrel-macos-arm64 | 0.7 | 73.00 | NOTE | |||
r-oldrel-macos-x86_64 | 0.7 | 145.00 | NOTE | |||
r-oldrel-windows-x86_64 | 0.7 | 10.00 | 157.00 | 167.00 | NOTE |
Version: 0.7
Check: installed package size
Result: NOTE
installed size is 8.5Mb
sub-directories of 1Mb or more:
doc 7.4Mb
Flavors: r-devel-linux-x86_64-fedora-clang, r-devel-windows-x86_64, r-release-macos-arm64, r-release-macos-x86_64, r-release-windows-x86_64, r-oldrel-macos-arm64, r-oldrel-macos-x86_64, r-oldrel-windows-x86_64