Last updated on 2024-05-04 09:49:40 CEST.
Flavor | Version | Tinstall | Tcheck | Ttotal | Status | Flags |
---|---|---|---|---|---|---|
r-devel-linux-x86_64-debian-clang | 0.1.4 | 49.11 | 160.95 | 210.06 | OK | |
r-devel-linux-x86_64-debian-gcc | 0.1.4 | 39.08 | 119.55 | 158.63 | OK | |
r-devel-linux-x86_64-fedora-clang | 0.1.4 | 267.14 | NOTE | |||
r-devel-linux-x86_64-fedora-gcc | 0.1.4 | 271.41 | NOTE | |||
r-devel-windows-x86_64 | 0.1.4 | 44.00 | 119.00 | 163.00 | OK | |
r-patched-linux-x86_64 | 0.1.4 | 33.04 | 153.82 | 186.86 | OK | |
r-release-linux-x86_64 | 0.1.4 | 35.53 | 154.92 | 190.45 | OK | |
r-release-macos-arm64 | 0.1.4 | 81.00 | OK | |||
r-release-windows-x86_64 | 0.1.4 | 45.00 | 118.00 | 163.00 | OK | |
r-oldrel-macos-arm64 | 0.1.4 | 86.00 | OK | |||
r-oldrel-macos-x86_64 | 0.1.4 | 112.00 | OK | |||
r-oldrel-windows-x86_64 | 0.1.4 | 59.00 | 149.00 | 208.00 | OK |
Version: 0.1.4
Check: data for non-ASCII characters
Result: NOTE
Note: found 5210 marked UTF-8 strings
Flavors: r-devel-linux-x86_64-fedora-clang, r-devel-linux-x86_64-fedora-gcc