Last updated on 2024-05-04 13:49:11 CEST.
Flavor | Version | Tinstall | Tcheck | Ttotal | Status | Flags |
---|---|---|---|---|---|---|
r-devel-linux-x86_64-debian-clang | 0.19.0 | 39.14 | 131.61 | 170.75 | OK | |
r-devel-linux-x86_64-debian-gcc | 0.19.0 | 31.04 | 96.21 | 127.25 | OK | |
r-devel-linux-x86_64-fedora-clang | 0.19.0 | 247.57 | OK | |||
r-devel-linux-x86_64-fedora-gcc | 0.19.0 | 205.76 | OK | |||
r-devel-windows-x86_64 | 0.19.0 | 33.00 | 134.00 | 167.00 | OK | |
r-patched-linux-x86_64 | 0.19.0 | 34.62 | 128.88 | 163.50 | OK | |
r-release-linux-x86_64 | 0.19.0 | 33.58 | 124.77 | 158.35 | NOTE | |
r-release-macos-arm64 | 0.19.0 | 54.00 | OK | |||
r-release-macos-x86_64 | 0.19.0 | 161.00 | OK | |||
r-release-windows-x86_64 | 0.19.0 | 31.00 | 125.00 | 156.00 | OK | |
r-oldrel-macos-arm64 | 0.19.0 | 58.00 | OK | |||
r-oldrel-macos-x86_64 | 0.19.0 | 143.00 | OK | |||
r-oldrel-windows-x86_64 | 0.19.0 | 40.00 | 155.00 | 195.00 | OK |
Version: 0.19.0
Check: package dependencies
Result: NOTE
Package suggested but not available for checking: ‘rstanarm’
Flavor: r-release-linux-x86_64