Last updated on 2024-05-04 13:49:11 CEST.
Flavor | Version | Tinstall | Tcheck | Ttotal | Status | Flags |
---|---|---|---|---|---|---|
r-devel-linux-x86_64-debian-clang | 0.1.1 | 71.76 | 90.94 | 162.70 | NOTE | |
r-devel-linux-x86_64-debian-gcc | 0.1.1 | 60.90 | 76.81 | 137.71 | NOTE | |
r-devel-linux-x86_64-fedora-clang | 0.1.1 | 223.60 | NOTE | |||
r-devel-linux-x86_64-fedora-gcc | 0.1.1 | 237.66 | NOTE | |||
r-devel-windows-x86_64 | 0.1.1 | 57.00 | 117.00 | 174.00 | NOTE | |
r-patched-linux-x86_64 | 0.1.1 | 74.73 | 95.82 | 170.55 | NOTE | |
r-release-linux-x86_64 | 0.1.1 | 74.95 | 97.52 | 172.47 | NOTE | |
r-release-macos-arm64 | 0.1.1 | 66.00 | NOTE | |||
r-release-windows-x86_64 | 0.1.1 | 58.00 | 112.00 | 170.00 | NOTE | |
r-oldrel-macos-arm64 | 0.1.1 | 72.00 | NOTE | |||
r-oldrel-macos-x86_64 | 0.1.1 | 123.00 | NOTE | |||
r-oldrel-windows-x86_64 | 0.1.1 | 68.00 | 135.00 | 203.00 | NOTE |
Version: 0.1.1
Check: C++ specification
Result: NOTE
Specified C++11: please drop specification unless essential
Flavors: r-devel-linux-x86_64-debian-clang, r-devel-linux-x86_64-debian-gcc, r-devel-linux-x86_64-fedora-clang, r-devel-linux-x86_64-fedora-gcc, r-devel-windows-x86_64, r-patched-linux-x86_64, r-release-linux-x86_64, r-release-macos-arm64, r-release-windows-x86_64, r-oldrel-macos-arm64, r-oldrel-macos-x86_64, r-oldrel-windows-x86_64
Version: 0.1.1
Check: installed package size
Result: NOTE
installed size is 5.1Mb
sub-directories of 1Mb or more:
examples 2.7Mb
libs 1.3Mb
Flavors: r-devel-windows-x86_64, r-release-macos-arm64, r-release-windows-x86_64, r-oldrel-macos-arm64, r-oldrel-macos-x86_64, r-oldrel-windows-x86_64