Last updated on 2024-05-04 09:49:40 CEST.
Flavor | Version | Tinstall | Tcheck | Ttotal | Status | Flags |
---|---|---|---|---|---|---|
r-devel-linux-x86_64-debian-clang | 1.3.3 | 74.05 | 45.61 | 119.66 | NOTE | |
r-devel-linux-x86_64-debian-gcc | 1.3.3 | 55.74 | 34.66 | 90.40 | NOTE | |
r-devel-linux-x86_64-fedora-clang | 1.3.3 | 178.52 | NOTE | |||
r-devel-linux-x86_64-fedora-gcc | 1.3.3 | 179.98 | NOTE | |||
r-devel-windows-x86_64 | 1.3.3 | 59.00 | 79.00 | 138.00 | NOTE | |
r-patched-linux-x86_64 | 1.3.3 | 73.46 | 43.03 | 116.49 | NOTE | |
r-release-linux-x86_64 | 1.3.3 | 70.99 | 42.51 | 113.50 | NOTE | |
r-release-macos-arm64 | 1.3.3 | 43.00 | NOTE | |||
r-release-windows-x86_64 | 1.3.3 | 58.00 | 77.00 | 135.00 | NOTE | |
r-oldrel-macos-arm64 | 1.3.3 | 45.00 | NOTE | |||
r-oldrel-macos-x86_64 | 1.3.3 | 84.00 | NOTE | |||
r-oldrel-windows-x86_64 | 1.3.3 | 69.00 | 86.00 | 155.00 | NOTE |
Version: 1.3.3
Check: C++ specification
Result: NOTE
Specified C++11: please drop specification unless essential
Flavors: r-devel-linux-x86_64-debian-clang, r-devel-linux-x86_64-debian-gcc, r-devel-linux-x86_64-fedora-clang, r-devel-linux-x86_64-fedora-gcc, r-devel-windows-x86_64, r-patched-linux-x86_64, r-release-linux-x86_64, r-release-macos-arm64, r-release-windows-x86_64, r-oldrel-macos-arm64, r-oldrel-macos-x86_64, r-oldrel-windows-x86_64