Last updated on 2024-05-04 09:49:40 CEST.
Flavor | Version | Tinstall | Tcheck | Ttotal | Status | Flags |
---|---|---|---|---|---|---|
r-devel-linux-x86_64-debian-clang | 0.7.7 | 136.53 | 365.86 | 502.39 | OK | |
r-devel-linux-x86_64-debian-gcc | 0.7.7 | 114.16 | 264.51 | 378.67 | OK | |
r-devel-linux-x86_64-fedora-clang | 0.7.7 | 667.58 | OK | |||
r-devel-linux-x86_64-fedora-gcc | 0.7.7 | 639.36 | OK | |||
r-devel-windows-x86_64 | 0.7.7 | 106.00 | 295.00 | 401.00 | OK | |
r-patched-linux-x86_64 | 0.7.7 | 128.43 | 355.48 | 483.91 | OK | |
r-release-linux-x86_64 | 0.7.7 | 136.74 | 348.58 | 485.32 | OK | |
r-release-macos-arm64 | 0.7.7 | 155.00 | NOTE | |||
r-release-macos-x86_64 | 0.7.7 | 399.00 | NOTE | |||
r-release-windows-x86_64 | 0.7.7 | 106.00 | 295.00 | 401.00 | OK | |
r-oldrel-macos-arm64 | 0.7.7 | 169.00 | NOTE | |||
r-oldrel-macos-x86_64 | 0.7.7 | 370.00 | NOTE | |||
r-oldrel-windows-x86_64 | 0.7.7 | 132.00 | 386.00 | 518.00 | OK |
Version: 0.7.7
Check: installed package size
Result: NOTE
installed size is 20.9Mb
sub-directories of 1Mb or more:
R 2.0Mb
libs 18.4Mb
Flavors: r-release-macos-arm64, r-release-macos-x86_64, r-oldrel-macos-arm64, r-oldrel-macos-x86_64