Last updated on 2024-05-04 09:49:40 CEST.
Flavor | Version | Tinstall | Tcheck | Ttotal | Status | Flags |
---|---|---|---|---|---|---|
r-devel-linux-x86_64-debian-clang | 3.2.0 | 509.95 | 299.03 | 808.98 | OK | |
r-devel-linux-x86_64-debian-gcc | 3.2.0 | 422.80 | 204.86 | 627.66 | OK | |
r-devel-linux-x86_64-fedora-clang | 3.2.0 | 969.41 | NOTE | |||
r-devel-linux-x86_64-fedora-gcc | 3.2.0 | 1125.55 | OK | |||
r-devel-windows-x86_64 | 3.2.0 | 330.00 | 260.00 | 590.00 | OK | |
r-patched-linux-x86_64 | 3.2.0 | 348.84 | 278.83 | 627.67 | OK | |
r-release-linux-x86_64 | 3.2.0 | 363.38 | 277.17 | 640.55 | OK | |
r-release-macos-arm64 | 3.2.0 | 210.00 | NOTE | |||
r-release-windows-x86_64 | 3.2.0 | 332.00 | 277.00 | 609.00 | OK | |
r-oldrel-macos-arm64 | 3.2.0 | 202.00 | NOTE | |||
r-oldrel-macos-x86_64 | 3.2.0 | 332.00 | NOTE | |||
r-oldrel-windows-x86_64 | 3.2.0 | 431.00 | 337.00 | 768.00 | OK |
Version: 3.2.0
Check: installed package size
Result: NOTE
installed size is 5.1Mb
sub-directories of 1Mb or more:
libs 4.0Mb
Flavors: r-devel-linux-x86_64-fedora-clang, r-release-macos-arm64, r-oldrel-macos-arm64, r-oldrel-macos-x86_64