Last updated on 2024-05-04 13:49:11 CEST.
Flavor | Version | Tinstall | Tcheck | Ttotal | Status | Flags |
---|---|---|---|---|---|---|
r-devel-linux-x86_64-debian-clang | 0.1 | 4.01 | 38.38 | 42.39 | OK | |
r-devel-linux-x86_64-debian-gcc | 0.1 | 2.65 | 30.34 | 32.99 | OK | |
r-devel-linux-x86_64-fedora-clang | 0.1 | 52.93 | NOTE | |||
r-devel-linux-x86_64-fedora-gcc | 0.1 | 50.88 | NOTE | |||
r-devel-windows-x86_64 | 0.1 | 6.00 | 55.00 | 61.00 | OK | |
r-patched-linux-x86_64 | 0.1 | 3.68 | 37.63 | 41.31 | OK | |
r-release-linux-x86_64 | 0.1 | 3.67 | 37.07 | 40.74 | OK | |
r-release-macos-arm64 | 0.1 | 44.00 | OK | |||
r-release-macos-x86_64 | 0.1 | 70.00 | OK | |||
r-release-windows-x86_64 | 0.1 | 5.00 | 54.00 | 59.00 | OK | |
r-oldrel-macos-arm64 | 0.1 | 43.00 | OK | |||
r-oldrel-macos-x86_64 | 0.1 | 63.00 | OK | |||
r-oldrel-windows-x86_64 | 0.1 | 6.00 | 55.00 | 61.00 | OK |
Version: 0.1
Check: data for non-ASCII characters
Result: NOTE
Note: found 1075 marked UTF-8 strings
Flavors: r-devel-linux-x86_64-fedora-clang, r-devel-linux-x86_64-fedora-gcc