Last updated on 2024-05-04 09:49:40 CEST.
Flavor | Version | Tinstall | Tcheck | Ttotal | Status | Flags |
---|---|---|---|---|---|---|
r-devel-linux-x86_64-debian-clang | 7.0-0 | 80.10 | 469.92 | 550.02 | OK | |
r-devel-linux-x86_64-debian-gcc | 7.0-0 | 63.41 | 324.28 | 387.69 | OK | |
r-devel-linux-x86_64-fedora-clang | 7.0-0 | 656.45 | NOTE | |||
r-devel-linux-x86_64-fedora-gcc | 7.0-0 | 626.66 | OK | |||
r-devel-windows-x86_64 | 7.0-0 | 59.00 | 336.00 | 395.00 | OK | |
r-patched-linux-x86_64 | 7.0-0 | 55.57 | 431.45 | 487.02 | OK | |
r-release-linux-x86_64 | 7.0-0 | 59.31 | 425.89 | 485.20 | OK | |
r-release-macos-arm64 | 7.0-0 | 154.00 | OK | |||
r-release-windows-x86_64 | 7.0-0 | 60.00 | 327.00 | 387.00 | OK | |
r-oldrel-macos-arm64 | 7.0-0 | 154.00 | OK | |||
r-oldrel-macos-x86_64 | 7.0-0 | 355.00 | OK | |||
r-oldrel-windows-x86_64 | 7.0-0 | 79.00 | 427.00 | 506.00 | OK |
Version: 7.0-0
Check: Rd cross-references
Result: NOTE
Undeclared packages ‘netmeta’, ‘metasens’, ‘robumeta’ in Rd xrefs
Flavor: r-devel-linux-x86_64-fedora-clang