Last updated on 2024-05-03 01:51:24 CEST.
Flavor | Version | Tinstall | Tcheck | Ttotal | Status | Flags |
---|---|---|---|---|---|---|
r-devel-linux-x86_64-debian-clang | 0.2.1 | 57.08 | 197.04 | 254.12 | NOTE | |
r-devel-linux-x86_64-debian-gcc | 0.2.1 | 36.03 | 152.99 | 189.02 | NOTE | |
r-devel-linux-x86_64-fedora-clang | 0.2.1 | 327.38 | NOTE | |||
r-devel-linux-x86_64-fedora-gcc | 0.2.1 | 350.46 | NOTE | |||
r-devel-windows-x86_64 | 0.2.1 | 45.00 | 203.00 | 248.00 | NOTE | |
r-patched-linux-x86_64 | 0.2.1 | 52.16 | 198.05 | 250.21 | NOTE | |
r-release-linux-x86_64 | 0.2.1 | 51.60 | 189.72 | 241.32 | NOTE | |
r-release-macos-arm64 | 0.2.1 | 88.00 | NOTE | |||
r-release-windows-x86_64 | 0.2.1 | 43.00 | 207.00 | 250.00 | NOTE | |
r-oldrel-macos-arm64 | 0.2.1 | 100.00 | NOTE | |||
r-oldrel-macos-x86_64 | 0.2.1 | 181.00 | NOTE | |||
r-oldrel-windows-x86_64 | 0.2.1 | 52.00 | 251.00 | 303.00 | NOTE |
Version: 0.2.1
Check: package subdirectories
Result: NOTE
Problems with news in ‘NEWS.md’:
No news entries found.
Flavors: r-devel-linux-x86_64-debian-clang, r-devel-linux-x86_64-debian-gcc, r-devel-linux-x86_64-fedora-clang, r-devel-linux-x86_64-fedora-gcc, r-devel-windows-x86_64, r-patched-linux-x86_64, r-release-linux-x86_64, r-release-macos-arm64, r-release-windows-x86_64, r-oldrel-macos-arm64, r-oldrel-macos-x86_64, r-oldrel-windows-x86_64