Last updated on 2024-05-04 09:49:41 CEST.
Flavor | Version | Tinstall | Tcheck | Ttotal | Status | Flags |
---|---|---|---|---|---|---|
r-devel-linux-x86_64-debian-clang | 1.1 | 4.47 | 62.74 | 67.21 | NOTE | |
r-devel-linux-x86_64-debian-gcc | 1.1 | 3.07 | 47.73 | 50.80 | OK | |
r-devel-linux-x86_64-fedora-clang | 1.1 | 89.50 | OK | |||
r-devel-linux-x86_64-fedora-gcc | 1.1 | 91.34 | OK | |||
r-devel-windows-x86_64 | 1.1 | 6.00 | 80.00 | 86.00 | OK | |
r-patched-linux-x86_64 | 1.1 | 3.29 | 59.28 | 62.57 | OK | |
r-release-linux-x86_64 | 1.1 | 3.81 | 60.11 | 63.92 | OK | |
r-release-macos-arm64 | 1.1 | 37.00 | OK | |||
r-release-macos-x86_64 | 1.1 | 59.00 | OK | |||
r-release-windows-x86_64 | 1.1 | 6.00 | 78.00 | 84.00 | OK | |
r-oldrel-macos-arm64 | 1.1 | 40.00 | NOTE | |||
r-oldrel-macos-x86_64 | 1.1 | 55.00 | NOTE | |||
r-oldrel-windows-x86_64 | 1.1 | 7.00 | 95.00 | 102.00 | OK |
Version: 1.1
Check: package dependencies
Result: NOTE
Packages suggested but not available for checking: 'DAPAR', 'ProteoMM'
Flavors: r-devel-linux-x86_64-debian-clang, r-oldrel-macos-arm64, r-oldrel-macos-x86_64