Last updated on 2024-05-04 13:49:12 CEST.
Flavor | Version | Tinstall | Tcheck | Ttotal | Status | Flags |
---|---|---|---|---|---|---|
r-devel-linux-x86_64-debian-clang | 0.4.4 | 15.89 | 173.13 | 189.02 | OK | |
r-devel-linux-x86_64-debian-gcc | 0.4.4 | 14.19 | 127.61 | 141.80 | OK | |
r-devel-linux-x86_64-fedora-clang | 0.4.4 | 258.25 | NOTE | |||
r-devel-linux-x86_64-fedora-gcc | 0.4.4 | 256.12 | NOTE | |||
r-devel-windows-x86_64 | 0.4.4 | 18.00 | 158.00 | 176.00 | OK | |
r-patched-linux-x86_64 | 0.4.4 | 17.11 | 165.67 | 182.78 | OK | |
r-release-linux-x86_64 | 0.4.4 | 10.79 | 165.94 | 176.73 | OK | |
r-release-macos-arm64 | 0.4.4 | 75.00 | OK | |||
r-release-windows-x86_64 | 0.4.4 | 16.00 | 223.00 | 239.00 | OK | |
r-oldrel-macos-arm64 | 0.4.4 | 80.00 | OK | |||
r-oldrel-macos-x86_64 | 0.4.4 | 122.00 | OK | |||
r-oldrel-windows-x86_64 | 0.4.4 | 20.00 | 263.00 | 283.00 | OK |
Version: 0.4.4
Check: for detritus in the temp directory
Result: NOTE
Found the following files/directories:
‘par-7269706c6579’
Flavors: r-devel-linux-x86_64-fedora-clang, r-devel-linux-x86_64-fedora-gcc