Last updated on 2024-05-04 09:49:41 CEST.
Flavor | Version | Tinstall | Tcheck | Ttotal | Status | Flags |
---|---|---|---|---|---|---|
r-devel-linux-x86_64-debian-clang | 0.4.0 | 10.74 | 138.60 | 149.34 | NOTE | |
r-devel-linux-x86_64-debian-gcc | 0.4.0 | 7.12 | 123.21 | 130.33 | NOTE | |
r-devel-linux-x86_64-fedora-clang | 0.4.0 | 227.99 | NOTE | |||
r-devel-linux-x86_64-fedora-gcc | 0.4.0 | 217.27 | NOTE | |||
r-devel-windows-x86_64 | 0.4.0 | 10.00 | 138.00 | 148.00 | NOTE | |
r-patched-linux-x86_64 | 0.4.0 | 12.91 | 169.49 | 182.40 | NOTE | |
r-release-linux-x86_64 | 0.4.0 | 5.59 | 167.07 | 172.66 | NOTE | |
r-release-macos-arm64 | 0.4.0 | 57.00 | NOTE | |||
r-release-windows-x86_64 | 0.4.0 | 9.00 | 141.00 | 150.00 | NOTE | |
r-oldrel-macos-arm64 | 0.4.0 | 57.00 | NOTE | |||
r-oldrel-macos-x86_64 | 0.4.0 | 94.00 | NOTE | |||
r-oldrel-windows-x86_64 | 0.4.0 | 10.00 | 170.00 | 180.00 | NOTE |
Version: 0.4.0
Check: package dependencies
Result: NOTE
Package suggested but not available for checking: ‘gurobi’
Flavors: r-devel-linux-x86_64-debian-clang, r-devel-linux-x86_64-debian-gcc, r-devel-linux-x86_64-fedora-clang, r-devel-linux-x86_64-fedora-gcc, r-devel-windows-x86_64, r-patched-linux-x86_64, r-release-linux-x86_64, r-release-macos-arm64, r-release-windows-x86_64, r-oldrel-macos-arm64, r-oldrel-macos-x86_64, r-oldrel-windows-x86_64