Last updated on 2024-05-04 09:49:41 CEST.
Flavor | Version | Tinstall | Tcheck | Ttotal | Status | Flags |
---|---|---|---|---|---|---|
r-devel-linux-x86_64-debian-clang | 0.9-1 | 7.19 | 53.45 | 60.64 | OK | |
r-devel-linux-x86_64-debian-gcc | 0.9-1 | 4.97 | 38.92 | 43.89 | OK | |
r-devel-linux-x86_64-fedora-clang | 0.9-1 | 76.50 | NOTE | |||
r-devel-linux-x86_64-fedora-gcc | 0.9-1 | 72.54 | OK | |||
r-devel-windows-x86_64 | 0.9-1 | 5.00 | 75.00 | 80.00 | OK | |
r-patched-linux-x86_64 | 0.9-1 | 7.67 | 51.46 | 59.13 | OK | |
r-release-linux-x86_64 | 0.9-1 | 6.84 | 50.19 | 57.03 | OK | |
r-release-macos-arm64 | 0.9-1 | 35.00 | OK | |||
r-release-windows-x86_64 | 0.9-1 | 8.00 | 71.00 | 79.00 | OK | |
r-oldrel-macos-arm64 | 0.9-1 | 29.00 | OK | |||
r-oldrel-macos-x86_64 | 0.9-1 | 41.00 | OK | |||
r-oldrel-windows-x86_64 | 0.9-1 | 7.00 | 77.00 | 84.00 | OK |
Version: 0.9-1
Check: Rd cross-references
Result: NOTE
Undeclared package ‘scatterplot3d’ in Rd xrefs
Flavor: r-devel-linux-x86_64-fedora-clang