Last updated on 2024-05-05 17:54:00 CEST.
Flavor | Version | Tinstall | Tcheck | Ttotal | Status | Flags |
---|---|---|---|---|---|---|
r-devel-linux-x86_64-debian-clang | 0.4-5 | 19.82 | 207.26 | 227.08 | OK | |
r-devel-linux-x86_64-debian-gcc | 0.4-5 | 14.19 | 148.38 | 162.57 | OK | |
r-devel-linux-x86_64-fedora-clang | 0.4-5 | 275.41 | OK | |||
r-devel-linux-x86_64-fedora-gcc | 0.4-5 | 277.43 | OK | |||
r-devel-windows-x86_64 | 0.4-5 | 14.00 | 164.00 | 178.00 | OK | |
r-patched-linux-x86_64 | 0.4-5 | 17.80 | 193.58 | 211.38 | OK | |
r-release-linux-x86_64 | 0.4-5 | 12.02 | 194.09 | 206.11 | OK | |
r-release-macos-arm64 | 0.4-5 | 83.00 | OK | |||
r-release-windows-x86_64 | 0.4-5 | 16.00 | 168.00 | 184.00 | OK | |
r-oldrel-macos-arm64 | 0.4-5 | 93.00 | OK | |||
r-oldrel-macos-x86_64 | 0.4-5 | 119.00 | NOTE | |||
r-oldrel-windows-x86_64 | 0.4-5 | 20.00 | 202.00 | 222.00 | OK |
Version: 0.4-5
Check: package dependencies
Result: NOTE
Package suggested but not available for checking: ‘glmmTMB’
Flavor: r-oldrel-macos-x86_64