Last updated on 2024-05-04 13:49:12 CEST.
Flavor | Version | Tinstall | Tcheck | Ttotal | Status | Flags |
---|---|---|---|---|---|---|
r-devel-linux-x86_64-debian-clang | 2.4 | 3.25 | 38.95 | 42.20 | NOTE | |
r-devel-linux-x86_64-debian-gcc | 2.4 | 2.05 | 30.12 | 32.17 | NOTE | |
r-devel-linux-x86_64-fedora-clang | 2.4 | 54.54 | NOTE | |||
r-devel-linux-x86_64-fedora-gcc | 2.4 | 63.30 | NOTE | |||
r-devel-windows-x86_64 | 2.4 | 3.00 | 60.00 | 63.00 | NOTE | |
r-patched-linux-x86_64 | 2.4 | 3.08 | 38.37 | 41.45 | NOTE | |
r-release-linux-x86_64 | 2.4 | 3.00 | 38.32 | 41.32 | NOTE | |
r-release-macos-arm64 | 2.4 | 26.00 | NOTE | |||
r-release-windows-x86_64 | 2.4 | 5.00 | 60.00 | 65.00 | NOTE | |
r-oldrel-macos-arm64 | 2.4 | 28.00 | OK | |||
r-oldrel-macos-x86_64 | 2.4 | 40.00 | OK | |||
r-oldrel-windows-x86_64 | 2.4 | 4.00 | 58.00 | 62.00 | OK |
Version: 2.4
Check: Rd files
Result: NOTE
checkRd: (-1) PV.Rd:14: Lost braces
14 | plausible value in turn; with code{rewrite=FALSE} a new data set is
| ^
Flavors: r-devel-linux-x86_64-debian-clang, r-devel-linux-x86_64-debian-gcc, r-devel-linux-x86_64-fedora-clang, r-devel-linux-x86_64-fedora-gcc, r-devel-windows-x86_64, r-patched-linux-x86_64, r-release-linux-x86_64, r-release-macos-arm64, r-release-windows-x86_64