Last updated on 2024-05-04 13:49:12 CEST.
Flavor | Version | Tinstall | Tcheck | Ttotal | Status | Flags |
---|---|---|---|---|---|---|
r-devel-linux-x86_64-debian-clang | 4.3.0.1 | 2813.22 | 68.53 | 2881.75 | OK | |
r-devel-linux-x86_64-debian-gcc | 4.3.0.1 | 2326.63 | 51.03 | 2377.66 | OK | |
r-devel-linux-x86_64-fedora-clang | 4.3.0.1 | 3984.84 | NOTE | |||
r-devel-linux-x86_64-fedora-gcc | 4.3.0.1 | 4488.97 | OK | |||
r-devel-windows-x86_64 | 4.3.0.1 | 1934.00 | 229.00 | 2163.00 | NOTE | |
r-patched-linux-x86_64 | 4.3.0.1 | 2767.43 | 66.55 | 2833.98 | OK | |
r-release-linux-x86_64 | 4.3.0.1 | 2720.74 | 66.45 | 2787.19 | OK | |
r-release-macos-arm64 | 4.3.0.1 | 795.00 | NOTE | |||
r-release-macos-x86_64 | 4.3.0.1 | 688.00 | NOTE | |||
r-release-windows-x86_64 | 4.3.0.1 | 1854.00 | 219.00 | 2073.00 | NOTE | |
r-oldrel-macos-arm64 | 4.3.0.1 | 840.00 | NOTE | |||
r-oldrel-macos-x86_64 | 4.3.0.1 | 674.00 | NOTE | |||
r-oldrel-windows-x86_64 | 4.3.0.1 | 2368.00 | 268.00 | 2636.00 | NOTE |
Version: 4.3.0.1
Check: installed package size
Result: NOTE
installed size is 35.6Mb
sub-directories of 1Mb or more:
include 10.1Mb
libs 25.0Mb
Flavors: r-devel-linux-x86_64-fedora-clang, r-devel-windows-x86_64, r-release-macos-arm64, r-release-macos-x86_64, r-release-windows-x86_64, r-oldrel-macos-arm64, r-oldrel-macos-x86_64, r-oldrel-windows-x86_64