Last updated on 2024-05-04 13:49:12 CEST.
Flavor | Version | Tinstall | Tcheck | Ttotal | Status | Flags |
---|---|---|---|---|---|---|
r-devel-linux-x86_64-debian-clang | 0.3.0 | 39.54 | 31.83 | 71.37 | NOTE | |
r-devel-linux-x86_64-debian-gcc | 0.3.0 | 31.98 | 24.29 | 56.27 | NOTE | |
r-devel-linux-x86_64-fedora-clang | 0.3.0 | 104.58 | NOTE | |||
r-devel-linux-x86_64-fedora-gcc | 0.3.0 | 97.60 | NOTE | |||
r-devel-windows-x86_64 | 0.3.0 | 42.00 | 66.00 | 108.00 | NOTE | |
r-patched-linux-x86_64 | 0.3.0 | 37.41 | 30.39 | 67.80 | NOTE | |
r-release-linux-x86_64 | 0.3.0 | 38.59 | 30.77 | 69.36 | NOTE | |
r-release-macos-arm64 | 0.3.0 | 26.00 | NOTE | |||
r-release-windows-x86_64 | 0.3.0 | 39.00 | 65.00 | 104.00 | NOTE | |
r-oldrel-macos-arm64 | 0.3.0 | 29.00 | NOTE | |||
r-oldrel-macos-x86_64 | 0.3.0 | 45.00 | NOTE | |||
r-oldrel-windows-x86_64 | 0.3.0 | 48.00 | 76.00 | 124.00 | NOTE |
Version: 0.3.0
Check: C++ specification
Result: NOTE
Specified C++11: please drop specification unless essential
Flavors: r-devel-linux-x86_64-debian-clang, r-devel-linux-x86_64-debian-gcc, r-devel-linux-x86_64-fedora-clang, r-devel-linux-x86_64-fedora-gcc, r-devel-windows-x86_64, r-patched-linux-x86_64, r-release-linux-x86_64, r-release-macos-arm64, r-release-windows-x86_64, r-oldrel-macos-arm64, r-oldrel-macos-x86_64, r-oldrel-windows-x86_64
Version: 0.3.0
Check: LazyData
Result: NOTE
'LazyData' is specified without a 'data' directory
Flavors: r-devel-linux-x86_64-debian-clang, r-devel-linux-x86_64-debian-gcc, r-devel-linux-x86_64-fedora-clang, r-devel-linux-x86_64-fedora-gcc, r-devel-windows-x86_64, r-patched-linux-x86_64, r-release-linux-x86_64, r-release-macos-arm64, r-release-windows-x86_64, r-oldrel-macos-arm64, r-oldrel-macos-x86_64, r-oldrel-windows-x86_64