Last updated on 2024-05-04 09:49:41 CEST.
Flavor | Version | Tinstall | Tcheck | Ttotal | Status | Flags |
---|---|---|---|---|---|---|
r-devel-linux-x86_64-debian-clang | 2.0.3 | 67.47 | 33.07 | 100.54 | NOTE | |
r-devel-linux-x86_64-debian-gcc | 2.0.3 | 61.85 | 29.68 | 91.53 | NOTE | |
r-devel-linux-x86_64-fedora-clang | 2.0.3 | 139.44 | NOTE | |||
r-devel-linux-x86_64-fedora-gcc | 2.0.3 | 159.99 | NOTE | |||
r-devel-windows-x86_64 | 2.0.3 | 60.00 | 76.00 | 136.00 | NOTE | |
r-patched-linux-x86_64 | 2.0.3 | 75.71 | 37.26 | 112.97 | NOTE | |
r-release-linux-x86_64 | 2.0.3 | 74.22 | 37.16 | 111.38 | NOTE | |
r-release-macos-arm64 | 2.0.3 | 36.00 | NOTE | |||
r-release-windows-x86_64 | 2.0.3 | 62.00 | 73.00 | 135.00 | NOTE | |
r-oldrel-macos-arm64 | 2.0.3 | 38.00 | NOTE | |||
r-oldrel-macos-x86_64 | 2.0.3 | 62.00 | NOTE | |||
r-oldrel-windows-x86_64 | 2.0.3 | 75.00 | 82.00 | 157.00 | NOTE |
Version: 2.0.3
Check: C++ specification
Result: NOTE
Specified C++14: please drop specification unless essential
Flavors: r-devel-linux-x86_64-debian-clang, r-devel-linux-x86_64-debian-gcc, r-devel-linux-x86_64-fedora-clang, r-devel-linux-x86_64-fedora-gcc, r-devel-windows-x86_64, r-patched-linux-x86_64, r-release-linux-x86_64, r-release-macos-arm64, r-release-windows-x86_64, r-oldrel-macos-arm64, r-oldrel-macos-x86_64, r-oldrel-windows-x86_64
Version: 2.0.3
Check: installed package size
Result: NOTE
installed size is 29.9Mb
sub-directories of 1Mb or more:
libs 29.8Mb
Flavors: r-release-macos-arm64, r-oldrel-macos-arm64, r-oldrel-macos-x86_64