Last updated on 2024-05-04 09:49:41 CEST.
Flavor | Version | Tinstall | Tcheck | Ttotal | Status | Flags |
---|---|---|---|---|---|---|
r-devel-linux-x86_64-debian-clang | 0.8.7 | 5.69 | 636.17 | 641.86 | OK | |
r-devel-linux-x86_64-debian-gcc | 0.8.7 | 4.66 | 528.37 | 533.03 | OK | |
r-devel-linux-x86_64-fedora-clang | 0.8.7 | 570.51 | OK | |||
r-devel-linux-x86_64-fedora-gcc | 0.8.7 | 867.78 | OK | |||
r-devel-windows-x86_64 | 0.8.7 | 6.00 | 114.00 | 120.00 | OK | |
r-patched-linux-x86_64 | 0.8.7 | 6.03 | 690.46 | 696.49 | OK | |
r-release-linux-x86_64 | 0.8.7 | 3.74 | 666.81 | 670.55 | NOTE | |
r-release-macos-arm64 | 0.8.7 | 154.00 | OK | |||
r-release-macos-x86_64 | 0.8.7 | 334.00 | OK | |||
r-release-windows-x86_64 | 0.8.7 | 6.00 | 115.00 | 121.00 | OK | |
r-oldrel-macos-arm64 | 0.8.7 | 143.00 | OK | |||
r-oldrel-macos-x86_64 | 0.8.7 | 296.00 | OK | |||
r-oldrel-windows-x86_64 | 0.8.7 | 7.00 | 133.00 | 140.00 | OK |
Version: 0.8.7
Check: package dependencies
Result: NOTE
Package suggested but not available for checking: ‘rstanarm’
Flavor: r-release-linux-x86_64