Last updated on 2024-05-04 09:49:41 CEST.
Flavor | Version | Tinstall | Tcheck | Ttotal | Status | Flags |
---|---|---|---|---|---|---|
r-devel-linux-x86_64-debian-clang | 2.0.0 | 14.20 | 87.61 | 101.81 | NOTE | |
r-devel-linux-x86_64-debian-gcc | 2.0.0 | 10.55 | 63.73 | 74.28 | NOTE | |
r-devel-linux-x86_64-fedora-clang | 2.0.0 | 79.26 | NOTE | |||
r-devel-linux-x86_64-fedora-gcc | 2.0.0 | 75.09 | NOTE | |||
r-devel-windows-x86_64 | 2.0.0 | 13.00 | 87.00 | 100.00 | OK | |
r-patched-linux-x86_64 | 2.0.0 | 11.87 | 80.92 | 92.79 | NOTE | |
r-release-linux-x86_64 | 2.0.0 | 11.19 | 83.10 | 94.29 | NOTE | |
r-release-macos-arm64 | 2.0.0 | 35.00 | OK | |||
r-release-macos-x86_64 | 2.0.0 | 90.00 | OK | |||
r-release-windows-x86_64 | 2.0.0 | 12.00 | 86.00 | 98.00 | OK | |
r-oldrel-macos-arm64 | 2.0.0 | 40.00 | OK | |||
r-oldrel-macos-x86_64 | 2.0.0 | 85.00 | OK | |||
r-oldrel-windows-x86_64 | 2.0.0 | 16.00 | 105.00 | 121.00 | OK |
Version: 2.0.0
Check: package dependencies
Result: NOTE
Package suggested but not available for checking: ‘margins’
Flavors: r-devel-linux-x86_64-debian-clang, r-devel-linux-x86_64-debian-gcc, r-devel-linux-x86_64-fedora-clang, r-devel-linux-x86_64-fedora-gcc, r-patched-linux-x86_64
Version: 2.0.0
Check: package dependencies
Result: NOTE
Packages suggested but not available for checking: 'margins', 'rstanarm'
Flavor: r-release-linux-x86_64