Last updated on 2024-05-04 13:49:12 CEST.
Flavor | Version | Tinstall | Tcheck | Ttotal | Status | Flags |
---|---|---|---|---|---|---|
r-devel-linux-x86_64-debian-clang | 1.5.5 | 164.78 | 589.93 | 754.71 | OK | |
r-devel-linux-x86_64-debian-gcc | 1.5.5 | 131.49 | 413.36 | 544.85 | OK | |
r-devel-linux-x86_64-fedora-clang | 1.5.5 | 959.28 | OK | |||
r-devel-linux-x86_64-fedora-gcc | 1.5.5 | 928.52 | OK | |||
r-devel-windows-x86_64 | 1.5.5 | 138.00 | 380.00 | 518.00 | OK | |
r-patched-linux-x86_64 | 1.5.5 | 176.93 | 547.37 | 724.30 | OK | |
r-release-linux-x86_64 | 1.5.5 | 150.66 | 556.47 | 707.13 | OK | |
r-release-macos-arm64 | 1.5.5 | 212.00 | NOTE | |||
r-release-windows-x86_64 | 1.5.5 | 135.00 | 387.00 | 522.00 | OK | |
r-oldrel-macos-arm64 | 1.5.5 | 267.00 | NOTE | |||
r-oldrel-macos-x86_64 | 1.5.5 | 454.00 | NOTE | |||
r-oldrel-windows-x86_64 | 1.5.5 | 178.00 | 519.00 | 697.00 | OK |
Version: 1.5.5
Check: installed package size
Result: NOTE
installed size is 8.8Mb
sub-directories of 1Mb or more:
R 2.0Mb
doc 1.7Mb
libs 4.4Mb
Flavors: r-release-macos-arm64, r-oldrel-macos-arm64, r-oldrel-macos-x86_64