Last updated on 2024-05-04 09:49:41 CEST.
Flavor | Version | Tinstall | Tcheck | Ttotal | Status | Flags |
---|---|---|---|---|---|---|
r-devel-linux-x86_64-debian-clang | 1.0.7 | 10.52 | 129.77 | 140.29 | NOTE | |
r-devel-linux-x86_64-debian-gcc | 1.0.7 | 10.16 | 94.31 | 104.47 | NOTE | |
r-devel-linux-x86_64-fedora-clang | 1.0.7 | 176.10 | NOTE | |||
r-devel-linux-x86_64-fedora-gcc | 1.0.7 | 190.66 | NOTE | |||
r-devel-windows-x86_64 | 1.0.7 | 11.00 | 128.00 | 139.00 | NOTE | |
r-patched-linux-x86_64 | 1.0.7 | 12.93 | 123.24 | 136.17 | NOTE | |
r-release-linux-x86_64 | 1.0.7 | 14.18 | 119.75 | 133.93 | NOTE | |
r-release-macos-arm64 | 1.0.7 | 58.00 | NOTE | |||
r-release-windows-x86_64 | 1.0.7 | 12.00 | 131.00 | 143.00 | NOTE | |
r-oldrel-macos-arm64 | 1.0.7 | 61.00 | OK | |||
r-oldrel-macos-x86_64 | 1.0.7 | 102.00 | NOTE | |||
r-oldrel-windows-x86_64 | 1.0.7 | 11.00 | 144.00 | 155.00 | OK |
Version: 1.0.7
Check: Rd files
Result: NOTE
checkRd: (-1) TemplateList-class.Rd:29: Lost braces in \itemize; meant \describe ?
checkRd: (-1) TemplateList-class.Rd:30: Lost braces in \itemize; meant \describe ?
checkRd: (-1) TemplateList-class.Rd:31: Lost braces in \itemize; meant \describe ?
checkRd: (-1) TemplateList-class.Rd:32: Lost braces in \itemize; meant \describe ?
checkRd: (-1) TemplateList-class.Rd:33: Lost braces in \itemize; meant \describe ?
checkRd: (-1) bindEvents.Rd:26: Lost braces in \itemize; meant \describe ?
checkRd: (-1) bindEvents.Rd:27: Lost braces in \itemize; meant \describe ?
checkRd: (-1) bindEvents.Rd:28: Lost braces in \itemize; meant \describe ?
Flavors: r-devel-linux-x86_64-debian-clang, r-devel-linux-x86_64-debian-gcc, r-devel-linux-x86_64-fedora-clang, r-devel-linux-x86_64-fedora-gcc, r-devel-windows-x86_64, r-patched-linux-x86_64, r-release-linux-x86_64, r-release-macos-arm64, r-release-windows-x86_64
Version: 1.0.7
Check: Rd cross-references
Result: NOTE
Undeclared package ‘seewave’ in Rd xrefs
Flavor: r-devel-linux-x86_64-fedora-clang
Version: 1.0.7
Check: package dependencies
Result: NOTE
Packages suggested but not available for checking: 'fftw', 'RODBC'
Flavor: r-oldrel-macos-x86_64
Version: 1.0.7
Check: Rd cross-references
Result: NOTE
Packages unavailable to check Rd xrefs: ‘seewave’, ‘RODBC’
Flavor: r-oldrel-macos-x86_64