Last updated on 2024-05-04 09:49:41 CEST.
Flavor | Version | Tinstall | Tcheck | Ttotal | Status | Flags |
---|---|---|---|---|---|---|
r-devel-linux-x86_64-debian-clang | 2.1.3 | 24.84 | 325.98 | 350.82 | NOTE | |
r-devel-linux-x86_64-debian-gcc | 2.1.3 | 18.59 | 219.45 | 238.04 | NOTE | |
r-devel-linux-x86_64-fedora-clang | 2.1.3 | 410.59 | NOTE | |||
r-devel-linux-x86_64-fedora-gcc | 2.1.3 | 400.65 | NOTE | |||
r-devel-windows-x86_64 | 2.1.3 | 21.00 | 208.00 | 229.00 | NOTE | |
r-patched-linux-x86_64 | 2.1.3 | 20.34 | 305.02 | 325.36 | NOTE | |
r-release-linux-x86_64 | 2.1.3 | 18.52 | 293.37 | 311.89 | NOTE | |
r-release-macos-arm64 | 2.1.3 | 94.00 | NOTE | |||
r-release-windows-x86_64 | 2.1.3 | 19.00 | 200.00 | 219.00 | NOTE | |
r-oldrel-macos-arm64 | 2.1.3 | 103.00 | NOTE | |||
r-oldrel-macos-x86_64 | 2.1.3 | 175.00 | NOTE | |||
r-oldrel-windows-x86_64 | 2.1.3 | 26.00 | 290.00 | 316.00 | NOTE |
Version: 2.1.3
Check: C++ specification
Result: NOTE
Specified C++11: please drop specification unless essential
Flavors: r-devel-linux-x86_64-debian-clang, r-devel-linux-x86_64-debian-gcc, r-devel-linux-x86_64-fedora-clang, r-devel-linux-x86_64-fedora-gcc, r-devel-windows-x86_64, r-patched-linux-x86_64, r-release-linux-x86_64, r-release-macos-arm64, r-release-windows-x86_64, r-oldrel-macos-arm64, r-oldrel-macos-x86_64, r-oldrel-windows-x86_64
Version: 2.1.3
Check: Rd files
Result: NOTE
checkRd: (-1) transformPhylo.MCMC.Rd:82: Lost braces in \itemize; meant \describe ?
checkRd: (-1) transformPhylo.MCMC.Rd:83: Lost braces in \itemize; meant \describe ?
checkRd: (-1) transformPhylo.MCMC.Rd:84: Lost braces in \itemize; meant \describe ?
checkRd: (-1) transformPhylo.MCMC.Rd:85: Lost braces in \itemize; meant \describe ?
checkRd: (-1) transformPhylo.MCMC.Rd:86: Lost braces in \itemize; meant \describe ?
checkRd: (-1) transformPhylo.MCMC.Rd:87: Lost braces in \itemize; meant \describe ?
checkRd: (-1) transformPhylo.ML.Rd:119: Lost braces in \itemize; meant \describe ?
checkRd: (-1) transformPhylo.ML.Rd:120: Lost braces in \itemize; meant \describe ?
checkRd: (-1) transformPhylo.ML.Rd:121: Lost braces in \itemize; meant \describe ?
checkRd: (-1) transformPhylo.ML.Rd:122: Lost braces in \itemize; meant \describe ?
checkRd: (-1) transformPhylo.ML.Rd:123: Lost braces in \itemize; meant \describe ?
checkRd: (-1) transformPhylo.ML.Rd:124: Lost braces in \itemize; meant \describe ?
checkRd: (-1) transformPhylo.ML.Rd:125: Lost braces in \itemize; meant \describe ?
checkRd: (-1) transformPhylo.ML.Rd:126: Lost braces in \itemize; meant \describe ?
checkRd: (-1) transformPhylo.ML.Rd:127: Lost braces in \itemize; meant \describe ?
checkRd: (-1) transformPhylo.ML.Rd:128: Lost braces in \itemize; meant \describe ?
checkRd: (-1) transformPhylo.ML.Rd:129: Lost braces in \itemize; meant \describe ?
checkRd: (-1) transformPhylo.ML.Rd:130: Lost braces in \itemize; meant \describe ?
checkRd: (-1) transformPhylo.ML.Rd:131: Lost braces in \itemize; meant \describe ?
checkRd: (-1) transformPhylo.ML.Rd:132: Lost braces in \itemize; meant \describe ?
checkRd: (-1) transformPhylo.ML.Rd:133: Lost braces in \itemize; meant \describe ?
checkRd: (-1) transformPhylo.Rd:97: Lost braces in \itemize; meant \describe ?
checkRd: (-1) transformPhylo.Rd:98: Lost braces in \itemize; meant \describe ?
checkRd: (-1) transformPhylo.Rd:99: Lost braces in \itemize; meant \describe ?
checkRd: (-1) transformPhylo.Rd:100: Lost braces in \itemize; meant \describe ?
checkRd: (-1) transformPhylo.ll.Rd:100: Lost braces in \itemize; meant \describe ?
checkRd: (-1) transformPhylo.ll.Rd:101: Lost braces in \itemize; meant \describe ?
checkRd: (-1) transformPhylo.ll.Rd:102: Lost braces in \itemize; meant \describe ?
checkRd: (-1) transformPhylo.ll.Rd:103: Lost braces in \itemize; meant \describe ?
checkRd: (-1) transformPhylo.ll.Rd:104: Lost braces in \itemize; meant \describe ?
checkRd: (-1) transformPhylo.ll.Rd:105: Lost braces in \itemize; meant \describe ?
checkRd: (-1) transformPhylo.ll.Rd:106: Lost braces in \itemize; meant \describe ?
checkRd: (-1) transformPhylo.ll.Rd:107: Lost braces in \itemize; meant \describe ?
checkRd: (-1) transformPhylo.ll.Rd:108: Lost braces in \itemize; meant \describe ?
checkRd: (-1) transformPhylo.ll.Rd:109: Lost braces in \itemize; meant \describe ?
checkRd: (-1) transformPhylo.ll.Rd:110: Lost braces in \itemize; meant \describe ?
checkRd: (-1) transformPhylo.ll.Rd:111: Lost braces in \itemize; meant \describe ?
checkRd: (-1) transformPhylo.ll.Rd:112: Lost braces in \itemize; meant \describe ?
checkRd: (-1) transformPhylo.ll.Rd:113: Lost braces in \itemize; meant \describe ?
checkRd: (-1) transformPhylo.ll.Rd:114: Lost braces in \itemize; meant \describe ?
Flavors: r-devel-linux-x86_64-debian-clang, r-devel-linux-x86_64-debian-gcc, r-devel-linux-x86_64-fedora-clang, r-devel-linux-x86_64-fedora-gcc, r-devel-windows-x86_64, r-patched-linux-x86_64, r-release-linux-x86_64, r-release-macos-arm64, r-release-windows-x86_64