Last updated on 2024-05-04 13:49:12 CEST.
Flavor | Version | Tinstall | Tcheck | Ttotal | Status | Flags |
---|---|---|---|---|---|---|
r-devel-linux-x86_64-debian-clang | 0.4.1 | 75.43 | 30.19 | 105.62 | OK | |
r-devel-linux-x86_64-debian-gcc | 0.4.1 | 47.20 | 22.90 | 70.10 | OK | |
r-devel-linux-x86_64-fedora-clang | 0.4.1 | 143.30 | NOTE | |||
r-devel-linux-x86_64-fedora-gcc | 0.4.1 | 137.56 | NOTE | |||
r-devel-windows-x86_64 | 0.4.1 | 53.00 | 62.00 | 115.00 | OK | |
r-patched-linux-x86_64 | 0.4.1 | 60.53 | 28.70 | 89.23 | OK | |
r-release-linux-x86_64 | 0.4.1 | 65.24 | 29.17 | 94.41 | OK | |
r-release-macos-arm64 | 0.4.1 | 30.00 | OK | |||
r-release-windows-x86_64 | 0.4.1 | 51.00 | 61.00 | 112.00 | OK | |
r-oldrel-macos-arm64 | 0.4.1 | 36.00 | OK | |||
r-oldrel-macos-x86_64 | 0.4.1 | 59.00 | OK | |||
r-oldrel-windows-x86_64 | 0.4.1 | 63.00 | 71.00 | 134.00 | OK |
Version: 0.4.1
Check: Rd cross-references
Result: NOTE
Undeclared package ‘proxy’ in Rd xrefs
Flavor: r-devel-linux-x86_64-fedora-clang
Version: 0.4.1
Check: compiled code
Result: NOTE
File ‘mp/libs/mp.so’:
Found no calls to: ‘R_registerRoutines’, ‘R_useDynamicSymbols’
It is good practice to register native routines and to disable symbol
search.
See ‘Writing portable packages’ in the ‘Writing R Extensions’ manual.
Flavors: r-devel-linux-x86_64-fedora-clang, r-devel-linux-x86_64-fedora-gcc