Last updated on 2024-05-04 13:49:12 CEST.
Flavor | Version | Tinstall | Tcheck | Ttotal | Status | Flags |
---|---|---|---|---|---|---|
r-devel-linux-x86_64-debian-clang | 5.0.1 | 66.59 | 198.60 | 265.19 | NOTE | |
r-devel-linux-x86_64-debian-gcc | 5.0.1 | 49.68 | 142.90 | 192.58 | NOTE | |
r-devel-linux-x86_64-fedora-clang | 5.0.1 | 326.46 | NOTE | |||
r-devel-linux-x86_64-fedora-gcc | 5.0.1 | 278.13 | NOTE | |||
r-devel-windows-x86_64 | 5.0.1 | 46.00 | 171.00 | 217.00 | NOTE | |
r-patched-linux-x86_64 | 5.0.1 | 56.68 | 186.76 | 243.44 | NOTE | |
r-release-linux-x86_64 | 5.0.1 | 59.86 | 189.99 | 249.85 | NOTE | |
r-release-macos-arm64 | 5.0.1 | 83.00 | NOTE | |||
r-release-windows-x86_64 | 5.0.1 | 49.00 | 175.00 | 224.00 | NOTE | |
r-oldrel-macos-arm64 | 5.0.1 | 90.00 | OK | |||
r-oldrel-macos-x86_64 | 5.0.1 | 162.00 | OK | |||
r-oldrel-windows-x86_64 | 5.0.1 | 65.00 | 234.00 | 299.00 | OK |
Version: 5.0.1
Check: Rd files
Result: NOTE
checkRd: (-1) MultiManhattan.Rd:33: Lost braces; missing escapes or markup?
33 | \item{LogTimes}{Magnification of {-log10(P-value)}; the default is
| ^
checkRd: (-1) MultiManhattan.Rd:35: Lost braces; missing escapes or markup?
35 | \item{LODTimes}{Magnification of {LOD score}; the default is 1.2.}
| ^
Flavors: r-devel-linux-x86_64-debian-clang, r-devel-linux-x86_64-debian-gcc, r-devel-linux-x86_64-fedora-clang, r-devel-linux-x86_64-fedora-gcc, r-devel-windows-x86_64, r-patched-linux-x86_64, r-release-linux-x86_64, r-release-macos-arm64, r-release-windows-x86_64
Version: 5.0.1
Check: installed package size
Result: NOTE
installed size is 5.2Mb
sub-directories of 1Mb or more:
extdata 1.7Mb
libs 2.3Mb
Flavor: r-release-macos-arm64