Last updated on 2024-05-04 13:49:12 CEST.
Flavor | Version | Tinstall | Tcheck | Ttotal | Status | Flags |
---|---|---|---|---|---|---|
r-devel-linux-x86_64-debian-clang | 0.5.1 | 640.32 | 190.59 | 830.91 | NOTE | |
r-devel-linux-x86_64-debian-gcc | 0.5.1 | 660.34 | 180.01 | 840.35 | NOTE | |
r-devel-linux-x86_64-fedora-clang | 0.5.1 | 1064.00 | NOTE | |||
r-devel-linux-x86_64-fedora-gcc | 0.5.1 | 1440.63 | NOTE | |||
r-devel-windows-x86_64 | 0.5.1 | 526.00 | 193.00 | 719.00 | NOTE | |
r-patched-linux-x86_64 | 0.5.1 | 550.13 | 236.10 | 786.23 | NOTE | |
r-release-linux-x86_64 | 0.5.1 | 561.03 | 236.35 | 797.38 | NOTE | |
r-release-macos-arm64 | 0.5.1 | 261.00 | NOTE | |||
r-release-windows-x86_64 | 0.5.1 | 546.00 | 196.00 | 742.00 | NOTE | |
r-oldrel-macos-arm64 | 0.5.1 | 217.00 | NOTE | |||
r-oldrel-macos-x86_64 | 0.5.1 | 435.00 | NOTE | |||
r-oldrel-windows-x86_64 | 0.5.1 | 677.00 | 259.00 | 936.00 | NOTE |
Version: 0.5.1
Check: Rd files
Result: NOTE
checkRd: (-1) mvmr_egger_rjags.Rd:51-59: Lost braces
51 | if (requireNamespace("rjags", quietly = TRUE)) {
| ^
Flavors: r-devel-linux-x86_64-debian-clang, r-devel-linux-x86_64-debian-gcc, r-devel-linux-x86_64-fedora-clang, r-devel-linux-x86_64-fedora-gcc, r-devel-windows-x86_64, r-patched-linux-x86_64, r-release-linux-x86_64, r-release-macos-arm64, r-release-windows-x86_64
Version: 0.5.1
Check: for GNU extensions in Makefiles
Result: NOTE
GNU make is a SystemRequirements.
Flavors: r-devel-linux-x86_64-debian-clang, r-devel-linux-x86_64-debian-gcc, r-devel-linux-x86_64-fedora-clang, r-devel-linux-x86_64-fedora-gcc, r-devel-windows-x86_64, r-patched-linux-x86_64, r-release-linux-x86_64, r-release-macos-arm64, r-release-windows-x86_64, r-oldrel-macos-arm64, r-oldrel-macos-x86_64, r-oldrel-windows-x86_64
Version: 0.5.1
Check: installed package size
Result: NOTE
installed size is 5.9Mb
sub-directories of 1Mb or more:
libs 5.5Mb
Flavors: r-devel-linux-x86_64-fedora-clang, r-release-macos-arm64, r-oldrel-macos-arm64, r-oldrel-macos-x86_64
Version: 0.5.1
Check: dependencies in R code
Result: NOTE
Namespace in Imports field not imported from: ‘rstantools’
All declared Imports should be used.
Flavors: r-devel-linux-x86_64-fedora-clang, r-devel-linux-x86_64-fedora-gcc