Last updated on 2024-05-04 09:49:41 CEST.
Flavor | Version | Tinstall | Tcheck | Ttotal | Status | Flags |
---|---|---|---|---|---|---|
r-devel-linux-x86_64-debian-clang | 1.0.16 | 120.13 | 123.22 | 243.35 | OK | |
r-devel-linux-x86_64-debian-gcc | 1.0.16 | 81.72 | 92.26 | 173.98 | OK | |
r-devel-linux-x86_64-fedora-clang | 1.0.16 | 303.23 | OK | |||
r-devel-linux-x86_64-fedora-gcc | 1.0.16 | 300.93 | OK | |||
r-devel-windows-x86_64 | 1.0.16 | 87.00 | 131.00 | 218.00 | OK | |
r-patched-linux-x86_64 | 1.0.16 | 108.02 | 120.16 | 228.18 | OK | |
r-release-linux-x86_64 | 1.0.16 | 98.06 | 116.79 | 214.85 | OK | |
r-release-macos-arm64 | 1.0.16 | 75.00 | NOTE | |||
r-release-macos-x86_64 | 1.0.16 | 150.00 | NOTE | |||
r-release-windows-x86_64 | 1.0.16 | 87.00 | 129.00 | 216.00 | OK | |
r-oldrel-macos-arm64 | 1.0.16 | 86.00 | NOTE | |||
r-oldrel-macos-x86_64 | 1.0.16 | 125.00 | NOTE | |||
r-oldrel-windows-x86_64 | 1.0.16 | 106.00 | 166.00 | 272.00 | OK |
Version: 1.0.16
Check: installed package size
Result: NOTE
installed size is 14.1Mb
sub-directories of 1Mb or more:
data 1.6Mb
libs 12.1Mb
Flavors: r-release-macos-arm64, r-release-macos-x86_64, r-oldrel-macos-arm64, r-oldrel-macos-x86_64