Last updated on 2024-05-04 09:49:42 CEST.
Flavor | Version | Tinstall | Tcheck | Ttotal | Status | Flags |
---|---|---|---|---|---|---|
r-devel-linux-x86_64-debian-clang | 1.0.1 | 32.35 | 38.95 | 71.30 | NOTE | |
r-devel-linux-x86_64-debian-gcc | 1.0.1 | 25.68 | 32.53 | 58.21 | NOTE | |
r-devel-linux-x86_64-fedora-clang | 1.0.1 | 112.23 | NOTE | |||
r-devel-linux-x86_64-fedora-gcc | 1.0.1 | 119.27 | NOTE | |||
r-devel-windows-x86_64 | 1.0.1 | 32.00 | 71.00 | 103.00 | NOTE | |
r-patched-linux-x86_64 | 1.0.1 | 33.42 | 37.56 | 70.98 | NOTE | |
r-release-linux-x86_64 | 1.0.1 | 30.36 | 36.89 | 67.25 | NOTE | |
r-release-macos-arm64 | 1.0.1 | 32.00 | NOTE | |||
r-release-windows-x86_64 | 1.0.1 | 31.00 | 70.00 | 101.00 | NOTE | |
r-oldrel-macos-arm64 | 1.0.1 | 36.00 | NOTE | |||
r-oldrel-macos-x86_64 | 1.0.1 | 64.00 | NOTE | |||
r-oldrel-windows-x86_64 | 1.0.1 | 28.00 | 81.00 | 109.00 | NOTE |
Version: 1.0.1
Check: C++ specification
Result: NOTE
Specified C++11: please drop specification unless essential
Flavors: r-devel-linux-x86_64-debian-clang, r-devel-linux-x86_64-debian-gcc, r-devel-linux-x86_64-fedora-clang, r-devel-linux-x86_64-fedora-gcc, r-devel-windows-x86_64, r-patched-linux-x86_64, r-release-linux-x86_64, r-release-macos-arm64, r-release-windows-x86_64, r-oldrel-macos-arm64, r-oldrel-macos-x86_64, r-oldrel-windows-x86_64