Last updated on 2024-05-04 05:50:27 CEST.
Flavor | Version | Tinstall | Tcheck | Ttotal | Status | Flags |
---|---|---|---|---|---|---|
r-devel-linux-x86_64-debian-clang | 0.4.3 | 21.09 | 223.60 | 244.69 | OK | |
r-devel-linux-x86_64-fedora-clang | 0.4.3 | 330.25 | OK | |||
r-devel-linux-x86_64-fedora-gcc | 0.4.3 | 332.76 | OK | |||
r-devel-windows-x86_64 | 0.4.3 | 17.00 | 169.00 | 186.00 | OK | |
r-patched-linux-x86_64 | 0.4.3 | 13.27 | 205.63 | 218.90 | OK | |
r-release-linux-x86_64 | 0.4.3 | 13.34 | 208.57 | 221.91 | OK | |
r-release-macos-arm64 | 0.4.3 | 149.00 | NOTE | |||
r-release-windows-x86_64 | 0.4.3 | 18.00 | 165.00 | 183.00 | OK | |
r-oldrel-macos-arm64 | 0.4.3 | 210.00 | NOTE | |||
r-oldrel-macos-x86_64 | 0.4.3 | 378.00 | NOTE | |||
r-oldrel-windows-x86_64 | 0.4.3 | 21.00 | 213.00 | 234.00 | OK |
Version: 0.4.3
Check: package dependencies
Result: NOTE
Package suggested but not available for checking: ‘leukemiasEset’
Flavor: r-release-macos-arm64
Version: 0.4.3
Check: package dependencies
Result: NOTE
Packages suggested but not available for checking:
'switchBox', 'leukemiasEset'
Flavors: r-oldrel-macos-arm64, r-oldrel-macos-x86_64