Last updated on 2024-05-04 09:49:42 CEST.
Flavor | Version | Tinstall | Tcheck | Ttotal | Status | Flags |
---|---|---|---|---|---|---|
r-devel-linux-x86_64-debian-clang | 2.1.6 | 0.34 | 2.01 | 2.35 | ERROR | |
r-devel-linux-x86_64-debian-gcc | 2.1.6 | 0.39 | 1.62 | 2.01 | ERROR | |
r-devel-linux-x86_64-fedora-clang | 2.1.6 | 581.90 | OK | |||
r-devel-linux-x86_64-fedora-gcc | 2.1.6 | 555.04 | OK | |||
r-devel-windows-x86_64 | 2.1.6 | 42.00 | 255.00 | 297.00 | OK | |
r-patched-linux-x86_64 | 2.1.6 | 47.75 | 394.36 | 442.11 | OK | |
r-release-linux-x86_64 | 2.1.6 | 49.26 | 391.70 | 440.96 | OK | |
r-release-macos-arm64 | 2.1.6 | 117.00 | OK | |||
r-release-windows-x86_64 | 2.1.6 | 43.00 | 258.00 | 301.00 | OK | |
r-oldrel-macos-arm64 | 2.1.6 | 139.00 | OK | |||
r-oldrel-macos-x86_64 | 2.1.6 | 246.00 | OK | |||
r-oldrel-windows-x86_64 | 2.1.6 | 55.00 | 348.00 | 403.00 | OK |
Version: 2.1.6
Check: package dependencies
Result: ERROR
Package required but not available: ‘RMark’
See section ‘The DESCRIPTION file’ in the ‘Writing R Extensions’
manual.
Flavors: r-devel-linux-x86_64-debian-clang, r-devel-linux-x86_64-debian-gcc